{"id":108,"date":"2024-01-09T12:29:14","date_gmt":"2024-01-09T11:29:14","guid":{"rendered":"https:\/\/menet.hu\/szakald\/?page_id=108"},"modified":"2024-04-04T00:09:07","modified_gmt":"2024-04-03T22:09:07","slug":"2024-evi-altalanos-valasztasok","status":"publish","type":"page","link":"https:\/\/szakald.hu\/?page_id=108","title":{"rendered":"2024. \u00e9vi \u00e1ltal\u00e1nos v\u00e1laszt\u00e1sok"},"content":{"rendered":"<p><a href=\"https:\/\/szakald.hu\/valasztasok\/2024\/hatarozatok\/1_2023_nemesbikk.pdf\" target=\"_blank\" rel=\"noopener\">1\/2023.(X.19.) HVI hat\u00e1rozat Nemesbikk<\/a><br \/>\n<a href=\"https:\/\/szakald.hu\/valasztasok\/2024\/hatarozatok\/2_2023_nemesbikk_szakald.pdf\" target=\"_blank\" rel=\"noopener\">2\/2023.(X.19.) HVI hat\u00e1rozat Szak\u00e1ld<\/a><br \/>\n<a href=\"https:\/\/szakald.hu\/valasztasok\/2024\/hatarozatok\/3_2023_nemesbikkhszalonta.pdf\" target=\"_blank\" rel=\"noopener\">3\/2023.(X.19.) HVI hat\u00e1rozat Hej\u0151szalonta<\/a><br \/>\n<a href=\"https:\/\/szakald.hu\/valasztasok\/2024\/hatarozatok\/4_2023_nemesbikk.pdf\" target=\"_blank\" rel=\"noopener\">4\/2023.(XI.30.) HVI hat\u00e1rozat Nemesbikk<\/a><br \/>\n<a href=\"https:\/\/szakald.hu\/valasztasok\/2024\/hatarozatok\/5_2023_nemesbikk_hszalonta.pdf\" target=\"_blank\" rel=\"noopener\">5\/2023.(XI.30.) HVI hat\u00e1rozat Hej\u0151szalonta<\/a><br \/>\n<a href=\"https:\/\/szakald.hu\/valasztasok\/2024\/hatarozatok\/6_2023_nemesbikk_szakald.pdf\" target=\"_blank\" rel=\"noopener\">6\/2023.(XI.30.) HVI hat\u00e1rozat Szak\u00e1ld<\/a><\/p>\n<p><a href=\"https:\/\/szakald.hu\/valasztasok\/2024\/ajanloszelvenyek.pdf\" target=\"_blank\" rel=\"noopener\">A Nemesbikk Helyi V\u00e1laszt\u00e1si Iroda Vezet\u0151j\u00e9nek 3\/2024.(IV.4.) sz\u00e1m\u00fa k\u00f6zlem\u00e9nye<\/a><\/p>\n<p>V\u00e1laszt\u00f3polg\u00e1roknak<\/p>\n<p>Jel\u00f6lteknek<\/p>\n","protected":false},"excerpt":{"rendered":"<p>1\/2023.(X.19.) HVI hat\u00e1rozat Nemesbikk 2\/2023.(X.19.) HVI hat\u00e1rozat Szak\u00e1ld 3\/2023.(X.19.) HVI hat\u00e1rozat Hej\u0151szalonta 4\/2023.(XI.30.) HVI hat\u00e1rozat Nemesbikk 5\/2023.(XI.30.) HVI hat\u00e1rozat Hej\u0151szalonta 6\/2023.(XI.30.) HVI hat\u00e1rozat Szak\u00e1ld A&hellip;<\/p>\n","protected":false},"author":1,"featured_media":0,"parent":0,"menu_order":0,"comment_status":"closed","ping_status":"closed","template":"","meta":{"footnotes":""},"class_list":["post-108","page","type-page","status-publish","hentry"],"_links":{"self":[{"href":"https:\/\/szakald.hu\/index.php?rest_route=\/wp\/v2\/pages\/108","targetHints":{"allow":["GET"]}}],"collection":[{"href":"https:\/\/szakald.hu\/index.php?rest_route=\/wp\/v2\/pages"}],"about":[{"href":"https:\/\/szakald.hu\/index.php?rest_route=\/wp\/v2\/types\/page"}],"author":[{"embeddable":true,"href":"https:\/\/szakald.hu\/index.php?rest_route=\/wp\/v2\/users\/1"}],"replies":[{"embeddable":true,"href":"https:\/\/szakald.hu\/index.php?rest_route=%2Fwp%2Fv2%2Fcomments&post=108"}],"version-history":[{"count":7,"href":"https:\/\/szakald.hu\/index.php?rest_route=\/wp\/v2\/pages\/108\/revisions"}],"predecessor-version":[{"id":271,"href":"https:\/\/szakald.hu\/index.php?rest_route=\/wp\/v2\/pages\/108\/revisions\/271"}],"wp:attachment":[{"href":"https:\/\/szakald.hu\/index.php?rest_route=%2Fwp%2Fv2%2Fmedia&parent=108"}],"curies":[{"name":"wp","href":"https:\/\/api.w.org\/{rel}","templated":true}]}}

2024. évi általános választások

<p><a href="https://szakald.hu/valasztasok/2024/hatarozatok/1_2023_nemesbikk.pdf" target="_blank" rel="noopener">1/2023.(X.19.) HVI határozat Nemesbikk</a><br />
<a href="https://szakald.hu/valasztasok/2024/hatarozatok/2_2023_nemesbikk_szakald.pdf" target="_blank" rel="noopener">2/2023.(X.19.) HVI határozat Szakáld</a><br />
<a href="https://szakald.hu/valasztasok/2024/hatarozatok/3_2023_nemesbikkhszalonta.pdf" target="_blank" rel="noopener">3/2023.(X.19.) HVI határozat Hejőszalonta</a><br />
<a href="https://szakald.hu/valasztasok/2024/hatarozatok/4_2023_nemesbikk.pdf" target="_blank" rel="noopener">4/2023.(XI.30.) HVI határozat Nemesbikk</a><br />
<a href="https://szakald.hu/valasztasok/2024/hatarozatok/5_2023_nemesbikk_hszalonta.pdf" target="_blank" rel="noopener">5/2023.(XI.30.) HVI határozat Hejőszalonta</a><br />
<a href="https://szakald.hu/valasztasok/2024/hatarozatok/6_2023_nemesbikk_szakald.pdf" target="_blank" rel="noopener">6/2023.(XI.30.) HVI határozat Szakáld</a></p>
<p><a href="https://szakald.hu/valasztasok/2024/ajanloszelvenyek.pdf" target="_blank" rel="noopener">A Nemesbikk Helyi Választási Iroda Vezetőjének 3/2024.(IV.4.) számú közleménye</a></p>
<p>Választópolgároknak</p>
<p>Jelölteknek</p>

<p>1/2023.(X.19.) HVI határozat Nemesbikk 2/2023.(X.19.) HVI határozat Szakáld 3/2023.(X.19.) HVI határozat Hejőszalonta 4/2023.(XI.30.) HVI határozat Nemesbikk 5/2023.(XI.30.) HVI határozat Hejőszalonta 6/2023.(XI.30.) HVI határozat Szakáld A&hellip;</p>
