{"id":140,"date":"2024-01-10T09:58:28","date_gmt":"2024-01-10T08:58:28","guid":{"rendered":"https:\/\/menet.hu\/szakald\/?page_id=140"},"modified":"2024-02-14T14:04:00","modified_gmt":"2024-02-14T13:04:00","slug":"2-6-donteshozatal-ulesek","status":"publish","type":"page","link":"https:\/\/szakald.hu\/?page_id=140","title":{"rendered":"2.6. D\u00f6nt\u00e9shozatal, \u00fcl\u00e9sek"},"content":{"rendered":"<p><strong>Jegyz\u0151k\u00f6nyvek<\/strong><\/p>\n<p>2021.01.20. Polg\u00e1rmesteri d\u00f6nt\u00e9sek<br \/>\n2021.01.29. Polg\u00e1rmesteri d\u00f6nt\u00e9sek<br \/>\n2021.07.08. K\u00e9pvisel\u0151-test\u00fcleti \u00fcl\u00e9s (rendk\u00edv\u00fcli)<\/p>\n<p>&nbsp;<\/p>\n<hr \/>\n<p>2020. \u00e9vben k\u00e9sz\u00fclt jegyz\u0151k\u00f6nyvek<\/p>\n<table>\n<tbody>\n<tr>\n<td>2020.01.23. K\u00e9pvisel\u0151-test\u00fcleti \u00fcl\u00e9s (rendk\u00edv\u00fcli)<\/td>\n<td><\/td>\n<\/tr>\n<tr>\n<td>2020.02.17. K\u00e9pvisel\u0151-test\u00fcleti \u00fcl\u00e9s<\/td>\n<td><\/td>\n<\/tr>\n<tr>\n<td>2020.03.13. K\u00e9pvisel\u0151-test\u00fcleti \u00fcl\u00e9s (rendk\u00edv\u00fcli)<\/td>\n<td><\/td>\n<\/tr>\n<tr>\n<td>2020.03.15. K\u00e9pvisel\u0151-test\u00fcleti \u00fcl\u00e9s (rendk\u00edv\u00fcli)<\/td>\n<td><\/td>\n<\/tr>\n<tr>\n<td>2020.04.01. Polg\u00e1rmesteri d\u00f6nt\u00e9sek<\/td>\n<td><\/td>\n<\/tr>\n<tr>\n<td>2020.04.02. Polg\u00e1rmesteri d\u00f6nt\u00e9sek<\/td>\n<td><\/td>\n<\/tr>\n<tr>\n<td>2020.05.20. Polg\u00e1rmesteri d\u00f6nt\u00e9sek<\/td>\n<td><\/td>\n<\/tr>\n<tr>\n<td>2020.06.03. Polg\u00e1rmesteri d\u00f6nt\u00e9sek<\/td>\n<td><\/td>\n<\/tr>\n<tr>\n<td>2020.06.16. Polg\u00e1rmesteri d\u00f6nt\u00e9sek<\/td>\n<td><\/td>\n<\/tr>\n<tr>\n<td><a href=\"https:\/\/szakald.hu\/kozerdeku\/tevekenyseg\/testuleti\/jegyzokonyv\/2020\/20200708.pdf\" target=\"_blank\" rel=\"noopener\">2020.07.08. K\u00e9pvisel\u0151-test\u00fcleti \u00fcl\u00e9s<\/a><\/td>\n<td><\/td>\n<\/tr>\n<tr>\n<td><a href=\"https:\/\/szakald.hu\/kozerdeku\/tevekenyseg\/testuleti\/jegyzokonyv\/2020\/2020826.pdf\" target=\"_blank\" rel=\"noopener\">2020.08.26. K\u00e9pvisel\u0151-test\u00fcleti \u00fcl\u00e9s<\/a><\/td>\n<td><\/td>\n<\/tr>\n<tr>\n<td><a href=\"https:\/\/szakald.hu\/kozerdeku\/tevekenyseg\/testuleti\/jegyzokonyv\/2020\/20200916rendkivuli.pdf\" target=\"_blank\" rel=\"noopener\">2020.09.16. K\u00e9pvisel\u0151-test\u00fcleti \u00fcl\u00e9s (rendk\u00edv\u00fcl<\/a>i)<\/td>\n<td><\/td>\n<\/tr>\n<tr>\n<td>2020.10.19. K\u00e9pvisel\u0151-testleti \u00fcl\u00e9s (rendk\u00edv\u00fcli)<\/td>\n<td><\/td>\n<\/tr>\n<tr>\n<td>2020.11.04. Polg\u00e1rmesteri d\u00f6nt\u00e9sek<\/td>\n<td><\/td>\n<\/tr>\n<tr>\n<td>2020.11.13. Polg\u00e1rmesteri d\u00f6nt\u00e9sek<\/td>\n<td><\/td>\n<\/tr>\n<tr>\n<td>2020.11.18. Polg\u00e1rmesteri d\u00f6nt\u00e9sek<\/td>\n<td><\/td>\n<\/tr>\n<tr>\n<td>2020.12.09. Polg\u00e1rmesteri d\u00f6nt\u00e9sek<\/td>\n<\/tr>\n<\/tbody>\n<\/table>\n<p><em><strong>2019. \u00e9vben k\u00e9sz\u00fclt jegyz\u0151k\u00f6nyv<\/strong><\/em><\/p>\n<hr \/>\n<table>\n<tbody>\n<tr>\n<td><strong><em>Jegyz\u0151k\u00f6nyvek<\/em><\/strong><\/td>\n<td><\/td>\n<\/tr>\n<tr>\n<td><a href=\"https:\/\/szakald.hu\/kozerdeku\/tevekenyseg\/testuleti\/jegyzokonyv\/2019\/20190123.pdf\" target=\"_blank\" rel=\"noopener\">2019.01.23. K\u00e9pvisel\u0151-test\u00fcleti \u00fcl\u00e9s<\/a><\/td>\n<td><\/td>\n<\/tr>\n<tr>\n<td><a href=\"https:\/\/szakald.hu\/kozerdeku\/tevekenyseg\/testuleti\/jegyzokonyv\/2019\/20190221.pdf\" target=\"_blank\" rel=\"noopener\">2019.02.21. K\u00e9pvisel\u0151-test\u00fcleti \u00fcl\u00e9s<\/a><\/td>\n<td rowspan=\"2\"><\/td>\n<\/tr>\n<tr>\n<td><a href=\"https:\/\/szakald.hu\/kozerdeku\/tevekenyseg\/testuleti\/jegyzokonyv\/2019\/20190226rendkivuli.pdf\" target=\"_blank\" rel=\"noopener\">2019.02.26. K\u00e9pvisel\u0151-test\u00fcleti \u00fcl\u00e9s (rendk\u00edv\u00fcli)<\/a><\/td>\n<\/tr>\n<tr>\n<td><a href=\"https:\/\/szakald.hu\/kozerdeku\/tevekenyseg\/testuleti\/jegyzokonyv\/2019\/20190306rendkivuli.pdf\" target=\"_blank\" rel=\"noopener\">2019.03.06. K\u00e9pvisel\u0151-test\u00fcleti \u00fcl\u00e9s (rendk\u00edv\u00fcli)<\/a><\/td>\n<td rowspan=\"2\"><\/td>\n<\/tr>\n<tr>\n<td><a href=\"http:\/\/menet.hu\/szakald\/kozerdeku\/tevekenyseg\/testuleti\/jegyzokonyv\/2019\/20190425rendkivuli.pdf\" target=\"_blank\" rel=\"noopener\">2019.04.25. K\u00e9pvisel\u0151-test\u00fcleti \u00fcl\u00e9s (rendk\u00edv\u00fcli)<\/a><\/td>\n<\/tr>\n<tr>\n<td><a href=\"https:\/\/szakald.hu\/kozerdeku\/tevekenyseg\/testuleti\/jegyzokonyv\/2019\/20190515rendkivuli.pdf\" target=\"_blank\" rel=\"noopener\">2019.05.15. K\u00e9pvisel\u0151-test\u00fcleti \u00fcl\u00e9s (rendk\u00edv\u00fcli)<\/a><\/td>\n<td><\/td>\n<\/tr>\n<tr>\n<td><a href=\"https:\/\/szakald.hu\/images\/docs\/jegyzokonyv\/2019\/20190515rendkivuli.pdf\" target=\"_blank\" rel=\"noopener\">2019.05.24. K\u00e9pvisel\u0151-test\u00fcleti \u00fcl\u00e9s (rendk\u00edv\u00fcli)<\/a><\/td>\n<td><\/td>\n<\/tr>\n<tr>\n<td><a href=\"https:\/\/szakald.hu\/kozerdeku\/tevekenyseg\/testuleti\/jegyzokonyv\/2019\/20190531.pdf\" target=\"_blank\" rel=\"noopener\">2019.05.31. K\u00e9pvisel\u0151-test\u00fcleti \u00fcl\u00e9s<\/a><\/td>\n<td><\/td>\n<\/tr>\n<tr>\n<td><a href=\"https:\/\/szakald.hu\/kozerdeku\/tevekenyseg\/testuleti\/jegyzokonyv\/2019\/20190614rendkivuli.pdf\" target=\"_blank\" rel=\"noopener\">2019.06.14. K\u00e9pvisel\u0151-test\u00fcleti \u00fcl\u00e9s (rendk\u00edv\u00fcli)<\/a><\/td>\n<td rowspan=\"2\"><\/td>\n<\/tr>\n<tr>\n<td><a href=\"https:\/\/szakald.hu\/kozerdeku\/tevekenyseg\/testuleti\/jegyzokonyv\/2019\/20190620rendkivuli.pdf\" target=\"_blank\" rel=\"noopener\">2019.06.20. K\u00e9pvisel\u0151-test\u00fcleti \u00fcl\u00e9s (rendk\u00edv\u00fcli)<\/a><\/td>\n<\/tr>\n<tr>\n<td><a href=\"https:\/\/szakald.hu\/kozerdeku\/tevekenyseg\/testuleti\/jegyzokonyv\/2019\/20190724.pdf\" target=\"_blank\" rel=\"noopener\">2019.07.24. K\u00e9pvisel\u0151-test\u00fcleti \u00fcl\u00e9s<\/a><\/td>\n<td><\/td>\n<\/tr>\n<tr>\n<td><a href=\"https:\/\/szakald.hu\/kozerdeku\/tevekenyseg\/testuleti\/jegyzokonyv\/2019\/20190731.pdf\" target=\"_blank\" rel=\"noopener\">2019.07.31. K\u00e9pvisel\u0151-test\u00fcleti \u00fcl\u00e9s<\/a><\/td>\n<td><\/td>\n<\/tr>\n<tr>\n<td><a href=\"https:\/\/szakald.hu\/kozerdeku\/tevekenyseg\/testuleti\/jegyzokonyv\/2019\/20190823rendkivuli.pdf\" target=\"_blank\" rel=\"noopener\">2019.08.23. K\u00e9pvisel\u0151-test\u00fcleti \u00fcl\u00e9s (rendk\u00edv\u00fcli)<\/a><\/td>\n<td><\/td>\n<\/tr>\n<tr>\n<td><a href=\"https:\/\/szakald.hu\/kozerdeku\/tevekenyseg\/testuleti\/jegyzokonyv\/2019\/20190918rendkivuli.pdf\" target=\"_blank\" rel=\"noopener\">2019.09.18. K\u00e9pvisel\u0151-test\u00fcleti \u00fcl\u00e9s (rendk\u00edv\u00fcli)<\/a><\/td>\n<td><\/td>\n<\/tr>\n<tr>\n<td><a href=\"https:\/\/szakald.hu\/kozerdeku\/tevekenyseg\/testuleti\/jegyzokonyv\/2019\/20190927rendkivuli.pdf\" target=\"_blank\" rel=\"noopener\">2019.09.27. K\u00e9pvisel\u0151-test\u00fcleti \u00fcl\u00e9s (rendk\u00edv\u00fcli)<\/a><\/td>\n<td><\/td>\n<\/tr>\n<tr>\n<td><a href=\"https:\/\/szakald.hu\/kozerdeku\/tevekenyseg\/testuleti\/jegyzokonyv\/2019\/20191026alakulo.pdf\" target=\"_blank\" rel=\"noopener\">2019.10.26. K\u00e9pvisel\u0151-test\u00fcleti \u00fcl\u00e9s (alakul\u00f3)<\/a><\/td>\n<\/tr>\n<\/tbody>\n<\/table>\n<p>&nbsp;<\/p>\n<p><em><strong>2018. \u00e9vben k\u00e9sz\u00fclt jegyz\u0151k\u00f6nyvek<\/strong><\/em><\/p>\n<hr \/>\n<table>\n<tbody>\n<tr>\n<td><em><strong>Jegyz\u0151k\u00f6nyvek<\/strong><\/em><\/td>\n<td><\/td>\n<\/tr>\n<tr>\n<td><a href=\"https:\/\/szakald.hu\/kozerdeku\/tevekenyseg\/testuleti\/jegyzokonyv\/2018\/20180110.pdf\" target=\"_blank\" rel=\"noopener\">2018.01.10. K\u00e9pvisel\u0151-test\u00fcleti \u00fcll\u00e9s (rendk\u00edv\u00fcli)<\/a><\/td>\n<td><\/td>\n<\/tr>\n<tr>\n<td><a href=\"https:\/\/szakald.hu\/kozerdeku\/tevekenyseg\/testuleti\/jegyzokonyv\/2018\/20180130.pdf\" target=\"_blank\" rel=\"noopener\">2018.01.30. K\u00e9pvisel\u0151-test\u00fcleti \u00fcl\u00e9s<\/a><\/td>\n<td><\/td>\n<\/tr>\n<tr>\n<td><a href=\"https:\/\/szakald.hu\/kozerdeku\/tevekenyseg\/testuleti\/jegyzokonyv\/2018\/20180307.pdf\" target=\"_blank\" rel=\"noopener\">2018.03.07. K\u00e9pvisel\u0151-test\u00fcleti \u00fcl\u00e9s<\/a><\/td>\n<td><\/td>\n<\/tr>\n<tr>\n<td><a href=\"https:\/\/szakald.hu\/kozerdeku\/tevekenyseg\/testuleti\/jegyzokonyv\/2018\/20180413.pdf\" target=\"_blank\" rel=\"noopener\">2018.04.13. K\u00e9pvisel\u0151-test\u00fcleti \u00fcl\u00e9s (rendk\u00edv\u00fcli)<\/a><\/td>\n<td rowspan=\"2\"><\/td>\n<\/tr>\n<tr>\n<td><a href=\"https:\/\/szakald.hu\/kozerdeku\/tevekenyseg\/testuleti\/jegyzokonyv\/2018\/20180530.pdf\" target=\"_blank\" rel=\"noopener\">2018.05.30. K\u00e9pvisel\u0151-test\u00fcleti \u00fcl\u00e9s (rendk\u00edv\u00fcli)<\/a><\/td>\n<\/tr>\n<tr>\n<td><a href=\"https:\/\/szakald.hu\/kozerdeku\/tevekenyseg\/testuleti\/jegyzokonyv\/2018\/20180613.pdf\" target=\"_blank\" rel=\"noopener\">2018.06.13. K\u00e9pvisel\u0151-test\u00fcleti \u00fcl\u00e9s<\/a><\/td>\n<td rowspan=\"2\"><\/td>\n<\/tr>\n<tr>\n<td><a href=\"https:\/\/szakald.hu\/kozerdeku\/tevekenyseg\/testuleti\/jegyzokonyv\/2018\/20180711.pdf\" target=\"_blank\" rel=\"noopener\">2018.07.11. K\u00e9pvisel\u0151-test\u00fcleti \u00fcl\u00e9s<\/a><\/td>\n<\/tr>\n<tr>\n<td><a href=\"https:\/\/szakald.hu\/kozerdeku\/tevekenyseg\/testuleti\/jegyzokonyv\/2018\/20180830.pdf\" target=\"_blank\" rel=\"noopener\">2018.08.30. K\u00e9pvisel\u0151-test\u00fcleti \u00fcl\u00e9s (rendk\u00edv\u00fcli)<\/a><\/td>\n<td><\/td>\n<\/tr>\n<tr>\n<td><a href=\"https:\/\/szakald.hu\/kozerdeku\/tevekenyseg\/testuleti\/jegyzokonyv\/2018\/20180927.pdf\" target=\"_blank\" rel=\"noopener\">2018.09.27. K\u00e9pvisel\u0151-test\u00fcleti \u00fcl\u00e9s<\/a><\/td>\n<td rowspan=\"2\"><\/td>\n<\/tr>\n<tr>\n<td><a href=\"https:\/\/szakald.hu\/kozerdeku\/tevekenyseg\/testuleti\/jegyzokonyv\/2018\/20181115.pdf\" target=\"_blank\" rel=\"noopener\">2018.11.15. K\u00e9pvisel\u0151-test\u00fcleti \u00fcl\u00e9s<\/a><\/td>\n<\/tr>\n<tr>\n<td><a href=\"https:\/\/szakald.hu\/kozerdeku\/tevekenyseg\/testuleti\/jegyzokonyv\/2018\/20181205.pdf\" target=\"_blank\" rel=\"noopener\">2018.12.05. K\u00e9pvisel\u0151-test\u00fcleti \u00fcl\u00e9s<\/a><\/td>\n<td><\/td>\n<\/tr>\n<tr>\n<td><a href=\"https:\/\/szakald.hu\/kozerdeku\/tevekenyseg\/testuleti\/jegyzokonyv\/2018\/20181205kozmeghallgatas.pdf\" target=\"_blank\" rel=\"noopener\">2018.12.05. K\u00f6zmeghallgat\u00e1s<\/a><\/td>\n<td><\/td>\n<\/tr>\n<tr>\n<td><a href=\"https:\/\/szakald.hu\/kozerdeku\/tevekenyseg\/testuleti\/jegyzokonyv\/2018\/20181212.pdf\" target=\"_blank\" rel=\"noopener\">2018.12.12. K\u00e9pvisel\u0151-test\u00fcleti \u00fcl\u00e9s (rendk\u00edv\u00fcli)<\/a><\/td>\n<td><\/td>\n<\/tr>\n<\/tbody>\n<\/table>\n<p><em><strong>2017. \u00e9vben k\u00e9sz\u00fclt jegyz\u0151k\u00f6nyvek<\/strong><\/em><\/p>\n<hr \/>\n<table>\n<tbody>\n<tr>\n<td><em><strong>Jegyz\u0151k\u00f6nyvek<\/strong><\/em><\/td>\n<td><\/td>\n<\/tr>\n<tr>\n<td><a href=\"https:\/\/szakald.hu\/kozerdeku\/tevekenyseg\/testuleti\/jegyzokonyv\/2017\/20170117.pdf\" target=\"_blank\" rel=\"noopener\">2017.01.17. K\u00e9pvisel\u0151-test\u00fcleti \u00fcl\u00e9s (rendk\u00edv\u00fcli)\u00a0<\/a><\/td>\n<td><\/td>\n<\/tr>\n<tr>\n<td><a href=\"https:\/\/szakald.hu\/kozerdeku\/tevekenyseg\/testuleti\/jegyzokonyv\/2017\/20170201.pdf\" target=\"_blank\" rel=\"noopener\">2017.02.01. K\u00e9pvisel\u0151-test\u00fcleti \u00fcl\u00e9s (rendk\u00edv\u00fcli)\u00a0<\/a><\/td>\n<td rowspan=\"2\"><\/td>\n<\/tr>\n<tr>\n<td><a href=\"https:\/\/szakald.hu\/kozerdeku\/tevekenyseg\/testuleti\/jegyzokonyv\/2017\/20170301.pdf\" target=\"_blank\" rel=\"noopener\">2017.03.01. K\u00e9pvisel\u0151-test\u00fcleti \u00fcl\u00e9s<\/a><\/td>\n<\/tr>\n<tr>\n<td><a href=\"https:\/\/szakald.hu\/kozerdeku\/tevekenyseg\/testuleti\/jegyzokonyv\/2017\/20170303.pdf\" target=\"_blank\" rel=\"noopener\">2017.03.03. K\u00e9pvisel\u0151-test\u00fcleti \u00fcl\u00e9s (rendk\u00edv\u00fcli)<\/a><\/td>\n<td rowspan=\"2\"><\/td>\n<\/tr>\n<tr>\n<td><a href=\"https:\/\/szakald.hu\/kozerdeku\/tevekenyseg\/testuleti\/jegyzokonyv\/2017\/20170316.pdf\" target=\"_blank\" rel=\"noopener\">2017.03.16. K\u00e9pvisel\u0151-test\u00fcleti \u00fcl\u00e9s (rendk\u00edv\u00fcli)<\/a><\/td>\n<\/tr>\n<tr>\n<td><a href=\"https:\/\/szakald.hu\/kozerdeku\/tevekenyseg\/testuleti\/jegyzokonyv\/2017\/20170523.pdf\" target=\"_blank\" rel=\"noopener\">2017.05.23. K\u00e9pvisel\u0151-test\u00fcleti \u00fcl\u00e9s<\/a><\/td>\n<td rowspan=\"2\"><\/td>\n<\/tr>\n<tr>\n<td><a href=\"https:\/\/szakald.hu\/kozerdeku\/tevekenyseg\/testuleti\/jegyzokonyv\/2017\/20170524.pdf\" target=\"_blank\" rel=\"noopener\">2017.05.24. K\u00e9pvisel\u0151-test\u00fcleti \u00fcl\u00e9s (rendk\u00edv\u00fcli)<\/a><\/td>\n<\/tr>\n<tr>\n<td><a href=\"https:\/\/szakald.hu\/kozerdeku\/tevekenyseg\/testuleti\/jegyzokonyv\/2017\/20170531.pdf\" target=\"_blank\" rel=\"noopener\">2017.05.31. K\u00e9pvisel\u0151-test\u00fcleti \u00fcl\u00e9s<\/a><\/td>\n<td><\/td>\n<\/tr>\n<tr>\n<td><a href=\"https:\/\/szakald.hu\/kozerdeku\/tevekenyseg\/testuleti\/jegyzokonyv\/2017\/20170706.pdf\" target=\"_blank\" rel=\"noopener\">2017.07.06. K\u00e9pvisel\u0151-test\u00fcleti \u00fcl\u00e9s<\/a><\/td>\n<td rowspan=\"2\"><\/td>\n<\/tr>\n<tr>\n<td><a href=\"https:\/\/szakald.hu\/kozerdeku\/tevekenyseg\/testuleti\/jegyzokonyv\/2017\/20170711.pdf\" target=\"_blank\" rel=\"noopener\">2017.07.11. K\u00e9pvisel\u0151-test\u00fcleti \u00fcl\u00e9s (rendk\u00edv\u00fcli)<\/a><\/td>\n<\/tr>\n<tr>\n<td><a href=\"https:\/\/szakald.hu\/kozerdeku\/tevekenyseg\/testuleti\/jegyzokonyv\/2017\/20170724.pdf\" target=\"_blank\" rel=\"noopener\">2017.07.24. K\u00e9pvisel\u0151-test\u00fcleti \u00fcl\u00e9s<\/a><\/td>\n<td><\/td>\n<\/tr>\n<tr>\n<td><a href=\"https:\/\/szakald.hu\/kozerdeku\/tevekenyseg\/testuleti\/jegyzokonyv\/2017\/20170816.pdf\" target=\"_blank\" rel=\"noopener\">2017.08.16. K\u00e9pvisel\u0151-test\u00fcleti \u00fcl\u00e9s<\/a><\/td>\n<td rowspan=\"2\"><\/td>\n<\/tr>\n<tr>\n<td><a href=\"https:\/\/szakald.hu\/kozerdeku\/tevekenyseg\/testuleti\/jegyzokonyv\/2017\/20170905.pdf\" target=\"_blank\" rel=\"noopener\">2017.09.05. K\u00e9pvisel\u0151-test\u00fcleti \u00fcl\u00e9s (rendk\u00edv\u00fcli)<\/a><\/td>\n<\/tr>\n<tr>\n<td><a href=\"https:\/\/szakald.hu\/kozerdeku\/tevekenyseg\/testuleti\/jegyzokonyv\/2017\/20170926.pdf\" target=\"_blank\" rel=\"noopener\">2017.09.26. K\u00e9pvisel\u0151-test\u00fcleti \u00fcl\u00e9s<\/a><\/td>\n<td><\/td>\n<\/tr>\n<tr>\n<td><a href=\"https:\/\/szakald.hu\/kozerdeku\/tevekenyseg\/testuleti\/jegyzokonyv\/2017\/20171019.pdf\" target=\"_blank\" rel=\"noopener\">2017.10.19. K\u00e9pvisel\u0151-test\u00fcleti \u00fcl\u00e9s<\/a><\/td>\n<td><\/td>\n<\/tr>\n<tr>\n<td><a href=\"https:\/\/szakald.hu\/kozerdeku\/tevekenyseg\/testuleti\/jegyzokonyv\/2017\/20171115.pdf\" target=\"_blank\" rel=\"noopener\">2017.11.15. K\u00e9pvisel\u0151-test\u00fcleti \u00fcl\u00e9s<\/a><\/td>\n<td><\/td>\n<\/tr>\n<tr>\n<td><a href=\"https:\/\/szakald.hu\/kozerdeku\/tevekenyseg\/testuleti\/jegyzokonyv\/2017\/20171130.pdf\" target=\"_blank\" rel=\"noopener\">2017.11.30. K\u00e9pvisel\u0151-test\u00fcleti \u00fcl\u00e9s (rendk\u00edv\u00fcli)<\/a><\/td>\n<td><\/td>\n<\/tr>\n<tr>\n<td><a href=\"https:\/\/szakald.hu\/kozerdeku\/tevekenyseg\/testuleti\/jegyzokonyv\/2017\/20171207.pdf\" target=\"_blank\" rel=\"noopener\">2017.12.07. K\u00e9pvisel\u0151-test\u00fcleti \u00fcl\u00e9s<\/a><\/td>\n<td><\/td>\n<\/tr>\n<tr>\n<td><a href=\"https:\/\/szakald.hu\/kozerdeku\/tevekenyseg\/testuleti\/jegyzokonyv\/2017\/20171207kozmegh.pdf\" target=\"_blank\" rel=\"noopener\">2017.12.07. K\u00f6zmeghallgat\u00e1s<\/a><\/td>\n<td><\/td>\n<\/tr>\n<tr>\n<td><a href=\"https:\/\/szakald.hu\/kozerdeku\/tevekenyseg\/testuleti\/jegyzokonyv\/2017\/20171219.pdf\" target=\"_blank\" rel=\"noopener\">2017.12.19. K\u00e9pvisel\u0151-test\u00fcleti \u00fcl\u00e9s (rendk\u00edv\u00fcli)<\/a><\/td>\n<td><\/td>\n<\/tr>\n<\/tbody>\n<\/table>\n<p><em><strong>2016. \u00e9vben k\u00e9sz\u00fclt jegyz\u0151k\u00f6nyvek<\/strong><\/em><\/p>\n<hr \/>\n<table>\n<tbody>\n<tr>\n<td><em><strong>Jegyz\u0151k\u00f6nyvek<\/strong><\/em><\/td>\n<td><\/td>\n<\/tr>\n<tr>\n<td><a href=\"https:\/\/szakald.hu\/kozerdeku\/tevekenyseg\/testuleti\/jegyzokonyv\/2016\/20160118.pdf\" target=\"_blank\" rel=\"noopener\">2016.01.18. K\u00e9pvisel\u0151-test\u00fcleti \u00fcl\u00e9s (rendk\u00edv\u00fcli)<\/a><\/td>\n<td><\/td>\n<\/tr>\n<tr>\n<td><\/td>\n<td><\/td>\n<\/tr>\n<tr>\n<td>2016.03.02. K\u00e9pvisel\u0151-test\u00fcleti \u00fcl\u00e9s<\/td>\n<td><\/td>\n<\/tr>\n<tr>\n<td><a href=\"https:\/\/szakald.hu\/kozerdeku\/tevekenyseg\/testuleti\/jegyzokonyv\/2016\/20160511.pdf\" target=\"_blank\" rel=\"noopener\">2016.05.11. K\u00e9pvisel\u0151-test\u00fcleti \u00fcl\u00e9s<\/a><\/td>\n<td><\/td>\n<\/tr>\n<tr>\n<td><a href=\"https:\/\/szakald.hu\/kozerdeku\/tevekenyseg\/testuleti\/jegyzokonyv\/2016\/20160602.pdf\" target=\"_blank\" rel=\"noopener\">2016.06.02. K\u00e9pvisel\u0151-test\u00fcleti \u00fcl\u00e9s (rendk\u00edv\u00fcli)<\/a><\/td>\n<td rowspan=\"2\"><\/td>\n<\/tr>\n<tr>\n<td><a href=\"https:\/\/szakald.hu\/kozerdeku\/tevekenyseg\/testuleti\/jegyzokonyv\/2016\/20160609.pdf\" target=\"_blank\" rel=\"noopener\">2016.06.09 \u00a0K\u00e9pvisel\u0151-test\u00fcleti \u00fcl\u00e9s (rendk\u00edv\u00fcli)<\/a><\/td>\n<\/tr>\n<tr>\n<td><a href=\"https:\/\/szakald.hu\/kozerdeku\/tevekenyseg\/testuleti\/jegyzokonyv\/2016\/20160615.pdf\" target=\"_blank\" rel=\"noopener\">2016.06.15. K\u00e9pvisel\u0151-test\u00fcleti \u00fcl\u00e9s (rendk\u00edv\u00fcli)<\/a><\/td>\n<td><\/td>\n<\/tr>\n<tr>\n<td><a href=\"https:\/\/szakald.hu\/kozerdeku\/tevekenyseg\/testuleti\/jegyzokonyv\/2016\/20160628.pdf\" target=\"_blank\" rel=\"noopener\">2016.06.28. K\u00e9pvisel\u0151-test\u00fcleti \u00fcl\u00e9s<\/a><\/td>\n<td><\/td>\n<\/tr>\n<tr>\n<td><a href=\"https:\/\/szakald.hu\/kozerdeku\/tevekenyseg\/testuleti\/jegyzokonyv\/2016\/20160817.pdf\" target=\"_blank\" rel=\"noopener\">2016.08.17. K\u00e9pvisel\u0151-test\u00fcleti \u00fcl\u00e9s<\/a><\/td>\n<td><\/td>\n<\/tr>\n<tr>\n<td><a href=\"https:\/\/szakald.hu\/kozerdeku\/tevekenyseg\/testuleti\/jegyzokonyv\/2016\/20160914.pdf\" target=\"_blank\" rel=\"noopener\">2016.09.14. K\u00e9pvisel\u0151-test\u00fcleti \u00fcl\u00e9s<\/a><\/td>\n<td rowspan=\"2\"><a href=\"https:\/\/szakald.hu\/kozerdeku\/tevekenyseg\/rendeletek\/2016\/9per2016.pdf\" target=\"_blank\" rel=\"noopener\">\u00a0<\/a><\/td>\n<\/tr>\n<tr>\n<td><a href=\"https:\/\/szakald.hu\/kozerdeku\/tevekenyseg\/testuleti\/jegyzokonyv\/2016\/20160928.pdf\" target=\"_blank\" rel=\"noopener\">2016.09.28. K\u00e9pvisel\u0151-test\u00fcleti \u00fcl\u00e9s (rendk\u00edv\u00fcli)<\/a><\/td>\n<\/tr>\n<tr>\n<td><a href=\"https:\/\/szakald.hu\/kozerdeku\/tevekenyseg\/testuleti\/jegyzokonyv\/2016\/20161010.pdf\" target=\"_blank\" rel=\"noopener\">2016.10.10. K\u00e9pvisel\u0151-test\u00fcleti \u00fcl\u00e9s<\/a><\/td>\n<td><\/td>\n<\/tr>\n<tr>\n<td><a href=\"https:\/\/szakald.hu\/kozerdeku\/tevekenyseg\/testuleti\/jegyzokonyv\/2016\/20161020.pdf\" target=\"_blank\" rel=\"noopener\">2016.10.20. K\u00e9pvisel\u0151-test\u00fcleti \u00fcl\u00e9s (rendk\u00edv\u00fcli)<\/a><\/td>\n<td><\/td>\n<\/tr>\n<tr>\n<td><a href=\"https:\/\/szakald.hu\/kozerdeku\/tevekenyseg\/testuleti\/jegyzokonyv\/2016\/20161107.pdf\" target=\"_blank\" rel=\"noopener\">2016.11.07. K\u00e9pvisel\u0151-test\u00fcleti \u00fcl\u00e9s<\/a><\/td>\n<td><\/td>\n<\/tr>\n<tr>\n<td><a href=\"https:\/\/szakald.hu\/kozerdeku\/tevekenyseg\/testuleti\/jegyzokonyv\/2016\/20161129.pdf\" target=\"_blank\" rel=\"noopener\">2016.11.29. K\u00e9pvisel\u0151-test\u00fcleti \u00fcl\u00e9s<\/a><\/td>\n<td><\/td>\n<\/tr>\n<tr>\n<td><a href=\"https:\/\/szakald.hu\/kozerdeku\/tevekenyseg\/testuleti\/jegyzokonyv\/2016\/20161214.pdf\" target=\"_blank\" rel=\"noopener\">2016.12.14. K\u00e9pvisel\u0151-test\u00fcleti \u00fcl\u00e9s<\/a><\/td>\n<td><\/td>\n<\/tr>\n<tr>\n<td><a href=\"https:\/\/szakald.hu\/kozerdeku\/tevekenyseg\/testuleti\/jegyzokonyv\/2016\/20161214kozmeghallgatas.pdf\" target=\"_blank\" rel=\"noopener\">2016.12.14. K\u00e9pvisel\u0151-test\u00fcleti \u00fcl\u00e9s (k\u00f6zmeghallgat\u00e1s)<\/a><\/td>\n<td><\/td>\n<\/tr>\n<\/tbody>\n<\/table>\n<p>&nbsp;<\/p>\n<p><em><strong>2015. \u00e9vben k\u00e9sz\u00fclt jegyz\u0151k\u00f6nyvek<\/strong><\/em><\/p>\n<hr \/>\n<p>FELT\u00d6L\u00c9S ALATT&#8230;..<\/p>\n<p>&nbsp;<\/p>\n<table style=\"height: 540px;\" width=\"783\">\n<tbody>\n<tr>\n<td><em><strong>Jegyz\u0151k\u00f6nyvek<\/strong><\/em><\/td>\n<td><\/td>\n<\/tr>\n<tr>\n<td><a href=\"https:\/\/szakald.hu\/kozerdeku\/tevekenyseg\/testuleti\/jegyzokonyv\/2015\/150121.pdf\" target=\"_blank\" rel=\"noopener\">2015. 01. 21. K\u00e9pvisel\u0151-test\u00fcleti \u00fcl\u00e9s<\/a><\/td>\n<td><\/td>\n<\/tr>\n<tr>\n<td><a href=\"https:\/\/szakald.hu\/kozerdeku\/tevekenyseg\/testuleti\/jegyzokonyv\/2015\/150128.pdf\" target=\"_blank\" rel=\"noopener\">2015. 01. 28. K\u00e9pvisel\u0151-test\u00fcleti \u00fcl\u00e9s<\/a><\/td>\n<td><\/td>\n<\/tr>\n<tr>\n<td><a href=\"https:\/\/szakald.hu\/kozerdeku\/tevekenyseg\/testuleti\/jegyzokonyv\/2015\/150225.pdf\" target=\"_blank\" rel=\"noopener\">2015. 02. 25. K\u00e9pvisel\u0151-test\u00fcleti \u00fcl\u00e9s<\/a><\/td>\n<td><\/td>\n<\/tr>\n<tr>\n<td><a href=\"https:\/\/szakald.hu\/kozerdeku\/tevekenyseg\/testuleti\/jegyzokonyv\/2015\/150225.pdf\" target=\"_blank\" rel=\"noopener\">2015. 03. 04. K\u00e9pvisel\u0151-test\u00fcleti \u00fcl\u00e9s<\/a><\/td>\n<td><\/td>\n<\/tr>\n<tr>\n<td><a href=\"https:\/\/szakald.hu\/kozerdeku\/tevekenyseg\/testuleti\/jegyzokonyv\/2015\/150331.pdf\">2015. 03. 31. K\u00e9pvisel\u0151-test\u00fcleti \u00fcl\u00e9s<\/a><\/td>\n<td><\/td>\n<\/tr>\n<tr>\n<td><a href=\"https:\/\/szakald.hu\/kozerdeku\/tevekenyseg\/testuleti\/jegyzokonyv\/2015\/15429.pdf\">2015. 04. 29. K\u00e9pvisel\u0151-test\u00fcleti \u00fcl\u00e9s<\/a><\/td>\n<td><\/td>\n<\/tr>\n<tr>\n<td><a href=\"https:\/\/szakald.hu\/kozerdeku\/tevekenyseg\/testuleti\/jegyzokonyv\/2015\/150513.pdf\" target=\"_blank\" rel=\"noopener\">2015. 05. 13. K\u00e9pvisel\u0151-test\u00fcleti \u00fcl\u00e9s<\/a><\/td>\n<td><\/td>\n<\/tr>\n<tr>\n<td><a href=\"https:\/\/szakald.hu\/kozerdeku\/tevekenyseg\/testuleti\/jegyzokonyv\/2015\/150513.pdf\" target=\"_blank\" rel=\"noopener\">2015. 05. 20. K\u00e9pvisel\u0151-test\u00fcleti \u00fcl\u00e9s<\/a><\/td>\n<td><\/td>\n<\/tr>\n<tr>\n<td><a href=\"https:\/\/szakald.hu\/kozerdeku\/tevekenyseg\/testuleti\/jegyzokonyv\/2015\/150617.pdf\" target=\"_blank\" rel=\"noopener\">2015. 06. 17. K\u00e9pvisel\u0151-test\u00fcleti \u00fcl\u00e9s<\/a><\/td>\n<td><\/td>\n<\/tr>\n<tr>\n<td><a href=\"https:\/\/szakald.hu\/kozerdeku\/tevekenyseg\/testuleti\/jegyzokonyv\/2015\/150715.pdf\">2015. 07. 15. K\u00e9pvisel\u0151-test\u00fcleti \u00fcl\u00e9s<\/a><\/td>\n<td><\/td>\n<\/tr>\n<tr>\n<td><a href=\"https:\/\/szakald.hu\/kozerdeku\/tevekenyseg\/testuleti\/jegyzokonyv\/2015\/150827.pdf\" target=\"_blank\" rel=\"noopener\">2015. 08. 27. K\u00e9pvisel\u0151-test\u00fcleti \u00fcl\u00e9s<\/a><\/td>\n<td><\/td>\n<\/tr>\n<tr>\n<td><a href=\"https:\/\/szakald.hu\/kozerdeku\/tevekenyseg\/testuleti\/jegyzokonyv\/2015\/150909.pdf\" target=\"_blank\" rel=\"noopener\">2015. 09. 09. K\u00e9pvisel\u0151-test\u00fcleti \u00fcl\u00e9s<\/a><\/td>\n<td><\/td>\n<\/tr>\n<tr>\n<td><a href=\"https:\/\/szakald.hu\/kozerdeku\/tevekenyseg\/testuleti\/jegyzokonyv\/2015\/150928.pdf\" target=\"_blank\" rel=\"noopener\">2015. 09. 28. K\u00e9pvisel\u0151-test\u00fcleti \u00fcl\u00e9s<\/a><\/td>\n<td><\/td>\n<\/tr>\n<tr>\n<td>2015. 10. 14. K\u00e9pvisel\u0151-test\u00fcleti \u00fcl\u00e9s<\/td>\n<td><\/td>\n<\/tr>\n<tr>\n<td>2015. 10. 22. K\u00e9pvisel\u0151-test\u00fcleti \u00fcl\u00e9s<\/td>\n<td><\/td>\n<\/tr>\n<tr>\n<td>2015. 11. 19. K\u00e9pvisel\u0151-test\u00fcleti \u00fcl\u00e9s<\/td>\n<td><\/td>\n<\/tr>\n<tr>\n<td>2015. 12. 16. K\u00e9pvisel\u0151-test\u00fcleti \u00fcl\u00e9s<\/td>\n<td><\/td>\n<\/tr>\n<\/tbody>\n<\/table>\n<p>&nbsp;<\/p>\n<p>&nbsp;<\/p>\n<p><em><strong>2014. \u00e9vben k\u00e9sz\u00fclt jegyz\u0151k\u00f6nyvek<\/strong><\/em><\/p>\n<hr \/>\n<p>FELT\u00d6LT\u00c9S ALATT&#8230;<\/p>\n<table style=\"height: 463px;\" border=\"0\" width=\"781\">\n<caption>\u00a0<\/caption>\n<tbody>\n<tr>\n<td><em><strong>Jegyz\u0151k\u00f6nyvek<\/strong><\/em><\/td>\n<td><\/td>\n<\/tr>\n<tr>\n<td>2014. 12. 23. K\u00e9pvisel\u0151-test\u00fcleti \u00fcl\u00e9s<\/td>\n<td><\/td>\n<\/tr>\n<tr>\n<td>2014. 11. 26. K\u00e9pvisel\u0151-test\u00fcleti \u00fcl\u00e9s<\/td>\n<td><\/td>\n<\/tr>\n<tr>\n<td>2014. 10. 27. K\u00e9pvisel\u0151-test\u00fcleti \u00fcl\u00e9s<\/td>\n<td><\/td>\n<\/tr>\n<tr>\n<td>2014. 10. 01. K\u00e9pvisel\u0151-test\u00fcleti \u00fcl\u00e9s<\/td>\n<td><\/td>\n<\/tr>\n<tr>\n<td>2014. 09. 10. K\u00e9pvisel\u0151-test\u00fcleti \u00fcl\u00e9s<\/td>\n<td><\/td>\n<\/tr>\n<tr>\n<td>2014. 08. 06. K\u00e9pvisel\u0151-test\u00fcleti \u00fcl\u00e9s<\/td>\n<td><\/td>\n<\/tr>\n<tr>\n<td>2014. 07. 09. K\u00e9pvisel\u0151-test\u00fcleti \u00fcl\u00e9s<\/td>\n<td><\/td>\n<\/tr>\n<tr>\n<td>2014. 06. 25. K\u00e9pvisel\u0151-test\u00fcleti \u00fcl\u00e9s<\/td>\n<td><\/td>\n<\/tr>\n<tr>\n<td>2014. 05. 14. K\u00e9pvisel\u0151-test\u00fcleti \u00fcl\u00e9s<\/td>\n<td><\/td>\n<\/tr>\n<tr>\n<td>2014. 03. 26. K\u00e9pvisel\u0151-test\u00fcleti \u00fcl\u00e9s<\/td>\n<td><\/td>\n<\/tr>\n<tr>\n<td>2014. 02. 24. K\u00e9pvisel\u0151-test\u00fcleti \u00fcl\u00e9s<\/td>\n<td><\/td>\n<\/tr>\n<tr>\n<td>2014. 01. 09. K\u00e9pvisel\u0151-test\u00fcleti \u00fcl\u00e9s<\/td>\n<td><\/td>\n<\/tr>\n<tr>\n<td>2014. 01. 14. K\u00e9pvisel\u0151-test\u00fcleti \u00fcl\u00e9s<\/td>\n<\/tr>\n<\/tbody>\n<\/table>\n","protected":false},"excerpt":{"rendered":"<p>Jegyz\u0151k\u00f6nyvek 2021.01.20. Polg\u00e1rmesteri d\u00f6nt\u00e9sek 2021.01.29. Polg\u00e1rmesteri d\u00f6nt\u00e9sek 2021.07.08. K\u00e9pvisel\u0151-test\u00fcleti \u00fcl\u00e9s (rendk\u00edv\u00fcli) &nbsp; 2020. \u00e9vben k\u00e9sz\u00fclt jegyz\u0151k\u00f6nyvek 2020.01.23. K\u00e9pvisel\u0151-test\u00fcleti \u00fcl\u00e9s (rendk\u00edv\u00fcli) 2020.02.17. K\u00e9pvisel\u0151-test\u00fcleti \u00fcl\u00e9s 2020.03.13. K\u00e9pvisel\u0151-test\u00fcleti&hellip;<\/p>\n","protected":false},"author":1,"featured_media":0,"parent":0,"menu_order":0,"comment_status":"closed","ping_status":"closed","template":"","meta":{"footnotes":""},"class_list":["post-140","page","type-page","status-publish","hentry"],"_links":{"self":[{"href":"https:\/\/szakald.hu\/index.php?rest_route=\/wp\/v2\/pages\/140","targetHints":{"allow":["GET"]}}],"collection":[{"href":"https:\/\/szakald.hu\/index.php?rest_route=\/wp\/v2\/pages"}],"about":[{"href":"https:\/\/szakald.hu\/index.php?rest_route=\/wp\/v2\/types\/page"}],"author":[{"embeddable":true,"href":"https:\/\/szakald.hu\/index.php?rest_route=\/wp\/v2\/users\/1"}],"replies":[{"embeddable":true,"href":"https:\/\/szakald.hu\/index.php?rest_route=%2Fwp%2Fv2%2Fcomments&post=140"}],"version-history":[{"count":29,"href":"https:\/\/szakald.hu\/index.php?rest_route=\/wp\/v2\/pages\/140\/revisions"}],"predecessor-version":[{"id":251,"href":"https:\/\/szakald.hu\/index.php?rest_route=\/wp\/v2\/pages\/140\/revisions\/251"}],"wp:attachment":[{"href":"https:\/\/szakald.hu\/index.php?rest_route=%2Fwp%2Fv2%2Fmedia&parent=140"}],"curies":[{"name":"wp","href":"https:\/\/api.w.org\/{rel}","templated":true}]}}