{"id":160,"date":"2024-01-10T17:14:48","date_gmt":"2024-01-10T16:14:48","guid":{"rendered":"https:\/\/menet.hu\/szakald\/?page_id=160"},"modified":"2024-10-28T22:17:09","modified_gmt":"2024-10-28T21:17:09","slug":"letoltesek","status":"publish","type":"page","link":"https:\/\/szakald.hu\/?page_id=160","title":{"rendered":"Let\u00f6lt\u00e9sek"},"content":{"rendered":"<h3>Ad\u00f3\u00fcgyek<\/h3>\n<p><a href=\"https:\/\/szakald.hu\/dokumentum\/kozerdeku\/ado_ugyek\/iparuzesi.pdf\" target=\"_blank\" rel=\"noopener\">BEVALL\u00c1S a helyi ipar\u0171z\u00e9si ad\u00f3r\u00f3l \u00e1lland\u00f3 jelleg\u0171 ipar\u0171z\u00e9si tev\u00e9kenys\u00e9g eset\u00e9n<\/a><\/p>\n<hr \/>\n<h3>\u00c9p\u00edt\u00e9si \u00fcgyek<\/h3>\n<p><a href=\"https:\/\/szakald.hu\/dokumentum\/kozerdeku\/epitesi_ugyek\/hesz.pdf\" target=\"_blank\" rel=\"noopener\">Helyi \u00c9p\u00edt\u00e9si Szab\u00e1lyzat<\/a><\/p>\n<p><a href=\"https:\/\/szakald.hu\/dokumentum\/kozerdeku\/epitesi_ugyek\/hesz_modositas.pdf\" target=\"_blank\" rel=\"noopener\">Helyi \u00c9p\u00edt\u00e9si Szab\u00e1lyzat m\u00f3dos\u00edt\u00e1s<\/a><\/p>\n<p><a href=\"https:\/\/szakald.hu\/dokumentum\/kozerdeku\/epitesi_ugyek\/telepuleskepi_rend.pdf\" target=\"_blank\" rel=\"noopener\">Telep\u00fcl\u00e9sk\u00e9pi rendelet<\/a><\/p>\n<p><a href=\"https:\/\/szakald.hu\/dokumentum\/kozerdeku\/epitesi_ugyek\/telepuleskepi_rendelet_mod.pdf\" target=\"_blank\" rel=\"noopener\">Telep\u00fcl\u00e9sk\u00e9pi rendelet m\u00f3dos\u00edt\u00e1sa<\/a><\/p>\n<p><a href=\"https:\/\/szakald.hu\/dokumentum\/kozerdeku\/epitesi_ugyek\/telepuleskep_erv_rend.pdf\" target=\"_blank\" rel=\"noopener\">Telep\u00fcl\u00e9sfejleszt\u00e9s, telep\u00fcl\u00e9srendez\u00e9s \u00e9s telep\u00fcl\u00e9sk\u00e9p-\u00e9rv\u00e9nyes\u00edt\u00e9s<\/a><\/p>\n<p><a href=\"https:\/\/szakald.hu\/dokumentum\/kozerdeku\/epitesi_ugyek\/telepules_arculati_kezikonyv_szakald.pdf\" target=\"_blank\" rel=\"noopener\">Telep\u00fcl\u00e9sk\u00e9pi Arculati K\u00e9zik\u00f6nyv<\/a><\/p>\n<p><a href=\"https:\/\/szakald.hu\/dokumentum\/kozerdeku\/epitesi_ugyek\/szakald_bel_szab_terv_mod_2016-08.pdf\" target=\"_blank\" rel=\"noopener\">Telep\u00fcl\u00e9srendez\u00e9si Terv, Szab\u00e1lyoz\u00e1si Terv m\u00f3dos\u00edt\u00e1s<\/a><\/p>\n<p><a href=\"https:\/\/szakald.hu\/dokumentum\/kozerdeku\/epitesi_ugyek\/szakald_bel_szab_terv_mod_mod2_2016-08.pdf\" target=\"_blank\" rel=\"noopener\">Telep\u00fcl\u00e9srendez\u00e9si Terv, Szab\u00e1lyoz\u00e1si Terv m\u00f3dos\u00edt\u00e1s 2<\/a><\/p>\n<hr \/>\n<h3>Szab\u00e1lyzatok<\/h3>\n<p><a href=\"https:\/\/szakald.hu\/dokumentum\/kozerdeku\/szabalyzatok\/informacioatadas_szabalyzat.pdf\" target=\"_blank\" rel=\"noopener\">Inform\u00e1ci\u00f3\u00e1tad\u00e1si Szab\u00e1lyzat<\/a><\/p>\n<hr \/>\n<h3>Szoci\u00e1lis \u00fcgyek<\/h3>\n<p><a href=\"https:\/\/szakald.hu\/dokumentum\/kozerdeku\/szocialis_ugyek\/kerelem_tuzifa.pdf\" target=\"_blank\" rel=\"noopener\"><strong>K\u00c9RELEM<\/strong> t\u0171zifa term\u00e9szetbeni t\u00e1mogat\u00e1s meg\u00e1llap\u00edt\u00e1s\u00e1ra<\/a><\/p>\n<p><strong><a href=\"https:\/\/szakald.hu\/dokumentum\/kozerdeku\/szocialis_ugyek\/vagyonnyilatkozat.pdf\" target=\"_blank\" rel=\"noopener\">Vagyonnyilatkozat<\/a><\/strong><\/p>\n<p><a href=\"https:\/\/szakald.hu\/dokumentum\/kozerdeku\/szocialis_ugyek\/aktivkoruakkerelem.pdf\" target=\"_blank\" rel=\"noopener\"><strong>K\u00c9RELEM<\/strong> akt\u00edv kor\u00faak ell\u00e1t\u00e1s\u00e1nak meg\u00e1llap\u00edt\u00e1s\u00e1ra<\/a><\/p>\n<p><a href=\"https:\/\/szakald.hu\/dokumentum\/kozerdeku\/szocialis_ugyek\/apolasikerelem.pdf\" target=\"_blank\" rel=\"noopener\"><strong>K\u00c9RELEM<\/strong> az \u00e1pol\u00e1si d\u00edj meg\u00e1llap\u00edt\u00e1s\u00e1ra\/fel\u00fclvizsg\u00e1lat<\/a><\/p>\n<p><a href=\"https:\/\/szakald.hu\/dokumentum\/kozerdeku\/szocialis_ugyek\/egeszsegugyiszolgaltataskerelem.pdf\" target=\"_blank\" rel=\"noopener\"><strong>K\u00c9RELEM<\/strong> Eg\u00e9szs\u00e9g\u00fcgyi szolg\u00e1ltat\u00e1sra val\u00f3 jogosults\u00e1g meg\u00e1llap\u00edt\u00e1s\u00e1hoz<\/a><\/p>\n<p><a href=\"https:\/\/szakald.hu\/dokumentum\/kozerdeku\/szocialis_ugyek\/idoskoruakjaradekakerelem.pdf\" target=\"_blank\" rel=\"noopener\"><strong>K\u00c9RELEM<\/strong> az id\u0151skor\u00faak j\u00e1rad\u00e9k\u00e1nak meg\u00e1llap\u00edt\u00e1s\u00e1ra<\/a><\/p>\n<p><a href=\"https:\/\/szakald.hu\/dokumentum\/kozerdeku\/szocialis_ugyek\/iskolaivegzettsegnyilatkozat.pdf\" target=\"_blank\" rel=\"noopener\"><strong>NYILATKOZAT<\/strong> Iskolai v\u00e9gzetts\u00e9ghez<\/a><\/p>\n<p><a href=\"https:\/\/szakald.hu\/dokumentum\/kozerdeku\/szocialis_ugyek\/kozgyogykerelem.pdf\" target=\"_blank\" rel=\"noopener\"><strong>K\u00c9RELEM<\/strong> a k\u00f6zgy\u00f3gyell\u00e1t\u00e1s meg\u00e1llap\u00edt\u00e1s\u00e1ra<\/a><\/p>\n<p><a href=\"https:\/\/szakald.hu\/dokumentum\/kozerdeku\/szocialis_ugyek\/rgyk.pdf\" target=\"_blank\" rel=\"noopener\"><strong>FORMANYOMTATV\u00c1NY<\/strong> a rendszeres gyermekv\u00e9delmi meg\u00e1llap\u00edt\u00e1shoz \u00e9s a fel\u00fclvizsg\u00e1lathoz, valamint h\u00e1tr\u00e1nyos, halmozottan h\u00e1tr\u00e1nyos helyzet fenn\u00e1ll\u00e1s\u00e1nak meg\u00e1llap\u00edt\u00e1s\u00e1hoz<\/a><\/p>\n<p><a href=\"https:\/\/szakald.hu\/dokumentum\/kozerdeku\/szocialis_ugyek\/szemelyesgondoskodasellatas.pdf\" target=\"_blank\" rel=\"noopener\"><strong>K\u00c9RELEM<\/strong> a szem\u00e9lyes gondoskod\u00e1st ny\u00fajt\u00f3 szoci\u00e1lis ell\u00e1t\u00e1s ig\u00e9nybev\u00e9tel\u00e9hez<\/a><\/p>\n<hr \/>\n<h3>Telep\u00fcl\u00e9si t\u00e1mogat\u00e1s<\/h3>\n<p><a href=\"https:\/\/szakald.hu\/dokumentum\/kozerdeku\/telepulesi_tamogatas\/lakhatasitamogatas.pdf\" target=\"_blank\" rel=\"noopener\">K\u00c9RELEM a lakhat\u00e1si t\u00e1mogat\u00e1s meg\u00e1llap\u00edt\u00e1s\u00e1ra<\/a><\/p>\n<p><a href=\"https:\/\/szakald.hu\/dokumentum\/kozerdeku\/telepulesi_tamogatas\/onkormanyzatisegely.pdf\" target=\"_blank\" rel=\"noopener\">\u00d6nkorm\u00e1nyzati seg\u00e9ly<\/a><\/p>\n<hr \/>\n<h3>V\u00e1llalkoz\u00e1sok<\/h3>\n<p><a href=\"https:\/\/szakald.hu\/dokumentum\/kozerdeku\/vallalkozasok\/szakaldker.pdf\" target=\"_blank\" rel=\"noopener\">Szak\u00e1ld K\u00f6zs\u00e9g \u00d6nkorm\u00e1nyzat\u00e1nak illet\u00e9kess\u00e9gi ter\u00fclet\u00e9n m\u0171k\u00f6d\u0151 kereskedelmi tev\u00e9kenys\u00e9get folytat\u00f3 v\u00e1llalkoz\u00e1sok adataink nyilv\u00e1ntart\u00e1sa<\/a><\/p>\n","protected":false},"excerpt":{"rendered":"<p>Ad\u00f3\u00fcgyek BEVALL\u00c1S a helyi ipar\u0171z\u00e9si ad\u00f3r\u00f3l \u00e1lland\u00f3 jelleg\u0171 ipar\u0171z\u00e9si tev\u00e9kenys\u00e9g eset\u00e9n \u00c9p\u00edt\u00e9si \u00fcgyek Helyi \u00c9p\u00edt\u00e9si Szab\u00e1lyzat Helyi \u00c9p\u00edt\u00e9si Szab\u00e1lyzat m\u00f3dos\u00edt\u00e1s Telep\u00fcl\u00e9sk\u00e9pi rendelet Telep\u00fcl\u00e9sk\u00e9pi rendelet m\u00f3dos\u00edt\u00e1sa&hellip;<\/p>\n","protected":false},"author":1,"featured_media":0,"parent":0,"menu_order":0,"comment_status":"closed","ping_status":"closed","template":"","meta":{"footnotes":""},"class_list":["post-160","page","type-page","status-publish","hentry"],"_links":{"self":[{"href":"https:\/\/szakald.hu\/index.php?rest_route=\/wp\/v2\/pages\/160","targetHints":{"allow":["GET"]}}],"collection":[{"href":"https:\/\/szakald.hu\/index.php?rest_route=\/wp\/v2\/pages"}],"about":[{"href":"https:\/\/szakald.hu\/index.php?rest_route=\/wp\/v2\/types\/page"}],"author":[{"embeddable":true,"href":"https:\/\/szakald.hu\/index.php?rest_route=\/wp\/v2\/users\/1"}],"replies":[{"embeddable":true,"href":"https:\/\/szakald.hu\/index.php?rest_route=%2Fwp%2Fv2%2Fcomments&post=160"}],"version-history":[{"count":9,"href":"https:\/\/szakald.hu\/index.php?rest_route=\/wp\/v2\/pages\/160\/revisions"}],"predecessor-version":[{"id":314,"href":"https:\/\/szakald.hu\/index.php?rest_route=\/wp\/v2\/pages\/160\/revisions\/314"}],"wp:attachment":[{"href":"https:\/\/szakald.hu\/index.php?rest_route=%2Fwp%2Fv2%2Fmedia&parent=160"}],"curies":[{"name":"wp","href":"https:\/\/api.w.org\/{rel}","templated":true}]}}

Letöltések

<h3>Adóügyek</h3>
<p><a href="https://szakald.hu/dokumentum/kozerdeku/ado_ugyek/iparuzesi.pdf" target="_blank" rel="noopener">BEVALLÁS a helyi iparűzési adóról állandó jellegű iparűzési tevékenység esetén</a></p>
<hr />
<h3>Építési ügyek</h3>
<p><a href="https://szakald.hu/dokumentum/kozerdeku/epitesi_ugyek/hesz.pdf" target="_blank" rel="noopener">Helyi Építési Szabályzat</a></p>
<p><a href="https://szakald.hu/dokumentum/kozerdeku/epitesi_ugyek/hesz_modositas.pdf" target="_blank" rel="noopener">Helyi Építési Szabályzat módosítás</a></p>
<p><a href="https://szakald.hu/dokumentum/kozerdeku/epitesi_ugyek/telepuleskepi_rend.pdf" target="_blank" rel="noopener">Településképi rendelet</a></p>
<p><a href="https://szakald.hu/dokumentum/kozerdeku/epitesi_ugyek/telepuleskepi_rendelet_mod.pdf" target="_blank" rel="noopener">Településképi rendelet módosítása</a></p>
<p><a href="https://szakald.hu/dokumentum/kozerdeku/epitesi_ugyek/telepuleskep_erv_rend.pdf" target="_blank" rel="noopener">Településfejlesztés, településrendezés és településkép-érvényesítés</a></p>
<p><a href="https://szakald.hu/dokumentum/kozerdeku/epitesi_ugyek/telepules_arculati_kezikonyv_szakald.pdf" target="_blank" rel="noopener">Településképi Arculati Kézikönyv</a></p>
<p><a href="https://szakald.hu/dokumentum/kozerdeku/epitesi_ugyek/szakald_bel_szab_terv_mod_2016-08.pdf" target="_blank" rel="noopener">Településrendezési Terv, Szabályozási Terv módosítás</a></p>
<p><a href="https://szakald.hu/dokumentum/kozerdeku/epitesi_ugyek/szakald_bel_szab_terv_mod_mod2_2016-08.pdf" target="_blank" rel="noopener">Településrendezési Terv, Szabályozási Terv módosítás 2</a></p>
<hr />
<h3>Szabályzatok</h3>
<p><a href="https://szakald.hu/dokumentum/kozerdeku/szabalyzatok/informacioatadas_szabalyzat.pdf" target="_blank" rel="noopener">Információátadási Szabályzat</a></p>
<hr />
<h3>Szociális ügyek</h3>
<p><a href="https://szakald.hu/dokumentum/kozerdeku/szocialis_ugyek/kerelem_tuzifa.pdf" target="_blank" rel="noopener"><strong>KÉRELEM</strong> tűzifa természetbeni támogatás megállapítására</a></p>
<p><strong><a href="https://szakald.hu/dokumentum/kozerdeku/szocialis_ugyek/vagyonnyilatkozat.pdf" target="_blank" rel="noopener">Vagyonnyilatkozat</a></strong></p>
<p><a href="https://szakald.hu/dokumentum/kozerdeku/szocialis_ugyek/aktivkoruakkerelem.pdf" target="_blank" rel="noopener"><strong>KÉRELEM</strong> aktív korúak ellátásának megállapítására</a></p>
<p><a href="https://szakald.hu/dokumentum/kozerdeku/szocialis_ugyek/apolasikerelem.pdf" target="_blank" rel="noopener"><strong>KÉRELEM</strong> az ápolási díj megállapítására/felülvizsgálat</a></p>
<p><a href="https://szakald.hu/dokumentum/kozerdeku/szocialis_ugyek/egeszsegugyiszolgaltataskerelem.pdf" target="_blank" rel="noopener"><strong>KÉRELEM</strong> Egészségügyi szolgáltatásra való jogosultság megállapításához</a></p>
<p><a href="https://szakald.hu/dokumentum/kozerdeku/szocialis_ugyek/idoskoruakjaradekakerelem.pdf" target="_blank" rel="noopener"><strong>KÉRELEM</strong> az időskorúak járadékának megállapítására</a></p>
<p><a href="https://szakald.hu/dokumentum/kozerdeku/szocialis_ugyek/iskolaivegzettsegnyilatkozat.pdf" target="_blank" rel="noopener"><strong>NYILATKOZAT</strong> Iskolai végzettséghez</a></p>
<p><a href="https://szakald.hu/dokumentum/kozerdeku/szocialis_ugyek/kozgyogykerelem.pdf" target="_blank" rel="noopener"><strong>KÉRELEM</strong> a közgyógyellátás megállapítására</a></p>
<p><a href="https://szakald.hu/dokumentum/kozerdeku/szocialis_ugyek/rgyk.pdf" target="_blank" rel="noopener"><strong>FORMANYOMTATVÁNY</strong> a rendszeres gyermekvédelmi megállapításhoz és a felülvizsgálathoz, valamint hátrányos, halmozottan hátrányos helyzet fennállásának megállapításához</a></p>
<p><a href="https://szakald.hu/dokumentum/kozerdeku/szocialis_ugyek/szemelyesgondoskodasellatas.pdf" target="_blank" rel="noopener"><strong>KÉRELEM</strong> a személyes gondoskodást nyújtó szociális ellátás igénybevételéhez</a></p>
<hr />
<h3>Települési támogatás</h3>
<p><a href="https://szakald.hu/dokumentum/kozerdeku/telepulesi_tamogatas/lakhatasitamogatas.pdf" target="_blank" rel="noopener">KÉRELEM a lakhatási támogatás megállapítására</a></p>
<p><a href="https://szakald.hu/dokumentum/kozerdeku/telepulesi_tamogatas/onkormanyzatisegely.pdf" target="_blank" rel="noopener">Önkormányzati segély</a></p>
<hr />
<h3>Vállalkozások</h3>
<p><a href="https://szakald.hu/dokumentum/kozerdeku/vallalkozasok/szakaldker.pdf" target="_blank" rel="noopener">Szakáld Község Önkormányzatának illetékességi területén működő kereskedelmi tevékenységet folytató vállalkozások adataink nyilvántartása</a></p>

<p>Adóügyek BEVALLÁS a helyi iparűzési adóról állandó jellegű iparűzési tevékenység esetén Építési ügyek Helyi Építési Szabályzat Helyi Építési Szabályzat módosítás Településképi rendelet Településképi rendelet módosítása&hellip;</p>
