{"id":167,"date":"2024-01-11T16:42:47","date_gmt":"2024-01-11T15:42:47","guid":{"rendered":"https:\/\/menet.hu\/szakald\/?page_id=167"},"modified":"2024-01-11T16:42:47","modified_gmt":"2024-01-11T15:42:47","slug":"egeszsegugyi-alapellatas-infrastrukturalis-fejlesztese-szakaldon","status":"publish","type":"page","link":"https:\/\/szakald.hu\/?page_id=167","title":{"rendered":"Eg\u00e9szs\u00e9g\u00fcgyi alapell\u00e1t\u00e1s infrastruktur\u00e1lis fejleszt\u00e9se Szak\u00e1ldon"},"content":{"rendered":"<p><strong><img loading=\"lazy\" decoding=\"async\" class=\"size-medium alignright\" src=\"http:\/\/menet.hu\/szakald\/banner\/erfa_felso.png\" width=\"250\" height=\"175\" \/>Kedvezm\u00e9nyezett neve<\/strong>: Szak\u00e1ld K\u00f6zs\u00e9g \u00d6nkorm\u00e1nyzat<\/p>\n<p><strong>Projekt c\u00edme:<\/strong>\u00a0Eg\u00e9szs\u00e9g\u00fcgyi alapell\u00e1t\u00e1s infrastruktur\u00e1lis fejleszt\u00e9se Szak\u00e1ldon<\/p>\n<p><strong>Szerz\u0151d\u00f6tt t\u00e1mogat\u00e1s \u00f6sszege:<\/strong>\u00a050.061.565 Ft<\/p>\n<p><strong>T\u00e1mogat\u00e1s m\u00e9rt\u00e9ke:<\/strong>\u00a0100%<\/p>\n<p>Projekt tartalma: A projekt Szak\u00e1ld K\u00f6zs\u00e9g \u00d6nkorm\u00e1nyzat\u00e1nak k\u00e9t (h\u00e1ziorvosi \u00e9s v\u00e9d\u0151n\u0151i) eg\u00e9szs\u00e9g\u00fcgyi szolg\u00e1ltat\u00e1s\u00e1nak infrastruktur\u00e1lis fejleszt\u00e9s\u00e9re ir\u00e1nyult. \u00c1tfog\u00f3 c\u00e9lja, a telep\u00fcl\u00e9sen m\u0171k\u00f6d\u0151 eg\u00e9szs\u00e9g\u00fcgyi alapszolg\u00e1ltat\u00e1sok egy \u00e9p\u00fcletben t\u00f6rt\u00e9n\u0151 biztos\u00edt\u00e1sa volt. Az eg\u00e9szs\u00e9g\u00fcgyi szolg\u00e1ltat\u00e1sok egyhelyben t\u00f6rt\u00e9n\u0151 ell\u00e1t\u00e1sa a lakoss\u00e1g \u00e9rdek\u00e9t szolg\u00e1lja. 2023. augusztus 26-\u00e1n \u00fcnnepi keretek k\u00f6z\u00f6tt ker\u00fclt \u00e1tad\u00e1sra az fel\u00faj\u00edtott eg\u00e9szs\u00e9g\u00fcgyi \u00e9p\u00fclet. Mind a h\u00e1ziorvosi, mind a v\u00e9d\u0151n\u0151i szolg\u00e1lat r\u00e9sz\u00e9re a munk\u00e1jukhoz sz\u00fcks\u00e9ges orvosi \u00e9s v\u00e9d\u0151n\u0151i eszk\u00f6z\u00f6k ker\u00fcltek beszerz\u00e9sre A fejleszt\u00e9s \u00e1ltal lehet\u0151s\u00e9g lesz a n\u00e9peg\u00e9szs\u00e9g\u00fcgyi c\u00e9l\u00fa m\u00e9hnyak-sz\u0171r\u00e9s\u00e9re is.<\/p>\n<p>A megval\u00f3sult projekt \u00f6sszhangban van az \u00f6nkorm\u00e1nyzat es\u00e9lyegyenl\u0151s\u00e9gi programmal is. A teljes akad\u00e1lymentes\u00edt\u00e9s r\u00e9v\u00e9n a fogyat\u00e9kos, megv\u00e1ltozott munkak\u00e9pess\u00e9g\u0171 emberek is akad\u00e1lymentesen hozz\u00e1juthatnak az eg\u00e9szs\u00e9g\u00fcgyi alapell\u00e1t\u00e1shoz. A beruh\u00e1z\u00e1s megval\u00f3sul\u00e1sa pozit\u00edv hat\u00e1st gyakorol a telep\u00fcl\u00e9s eg\u00e9sz \u00e9let\u00e9re. A fejleszt\u00e9ssel \u00e9rintett c\u00e9lcsoport \u00e9letk\u00f6r\u00fclm\u00e9nyeit jav\u00edtja.<\/p>\n<p><strong>Projekt t\u00e9nyleges befejez\u00e9se:<\/strong>\u00a02023. j\u00falius 05.<\/p>\n<p><strong>Projekt azonos\u00edt\u00f3 sz\u00e1ma:<\/strong>\u00a0TOP-4.1.1.-15-BO1-2016-00010<\/p>\n<p><em>Az \u00fcnnep\u00e9lyes \u00e1tad\u00f3 \u00fcnneps\u00e9g megh\u00edv\u00f3ja:<\/em><\/p>\n<p><a href=\"http:\/\/menet.hu\/szakald\/palyazatok\/2020_egeszsegugy\/meghivo.png\" target=\"_blank\" rel=\"noopener\"><img loading=\"lazy\" decoding=\"async\" class=\"alignnone\" src=\"http:\/\/menet.hu\/szakald\/palyazatok\/2020_egeszsegugy\/meghivo.png\" alt=\"\" width=\"401\" height=\"447\" \/><\/a><\/p>\n<p><a href=\"http:\/\/menet.hu\/szakald\/palyazatok\/2020_egeszsegugy\/001.jpg\" target=\"_blank\" rel=\"noopener\"><img loading=\"lazy\" decoding=\"async\" class=\"alignleft\" src=\"http:\/\/menet.hu\/szakald\/palyazatok\/2020_egeszsegugy\/001.jpg\" alt=\"\" width=\"300\" height=\"200\" \/><\/a><a href=\"http:\/\/menet.hu\/szakald\/palyazatok\/2020_egeszsegugy\/002.jpg\" target=\"_blank\" rel=\"noopener\"><img loading=\"lazy\" decoding=\"async\" class=\"alignleft\" src=\"http:\/\/menet.hu\/szakald\/palyazatok\/2020_egeszsegugy\/002.jpg\" alt=\"\" width=\"299\" height=\"398\" \/><\/a><a href=\"http:\/\/menet.hu\/szakald\/palyazatok\/2020_egeszsegugy\/003.jpg\" target=\"_blank\" rel=\"noopener\"><img loading=\"lazy\" decoding=\"async\" class=\"alignleft\" src=\"http:\/\/menet.hu\/szakald\/palyazatok\/2020_egeszsegugy\/003.jpg\" alt=\"\" width=\"300\" height=\"400\" \/><\/a><\/p>\n","protected":false},"excerpt":{"rendered":"<p>Kedvezm\u00e9nyezett neve: Szak\u00e1ld K\u00f6zs\u00e9g \u00d6nkorm\u00e1nyzat Projekt c\u00edme:\u00a0Eg\u00e9szs\u00e9g\u00fcgyi alapell\u00e1t\u00e1s infrastruktur\u00e1lis fejleszt\u00e9se Szak\u00e1ldon Szerz\u0151d\u00f6tt t\u00e1mogat\u00e1s \u00f6sszege:\u00a050.061.565 Ft T\u00e1mogat\u00e1s m\u00e9rt\u00e9ke:\u00a0100% Projekt tartalma: A projekt Szak\u00e1ld K\u00f6zs\u00e9g \u00d6nkorm\u00e1nyzat\u00e1nak k\u00e9t&hellip;<\/p>\n","protected":false},"author":1,"featured_media":0,"parent":0,"menu_order":0,"comment_status":"closed","ping_status":"closed","template":"","meta":{"footnotes":""},"class_list":["post-167","page","type-page","status-publish","hentry"],"_links":{"self":[{"href":"https:\/\/szakald.hu\/index.php?rest_route=\/wp\/v2\/pages\/167","targetHints":{"allow":["GET"]}}],"collection":[{"href":"https:\/\/szakald.hu\/index.php?rest_route=\/wp\/v2\/pages"}],"about":[{"href":"https:\/\/szakald.hu\/index.php?rest_route=\/wp\/v2\/types\/page"}],"author":[{"embeddable":true,"href":"https:\/\/szakald.hu\/index.php?rest_route=\/wp\/v2\/users\/1"}],"replies":[{"embeddable":true,"href":"https:\/\/szakald.hu\/index.php?rest_route=%2Fwp%2Fv2%2Fcomments&post=167"}],"version-history":[{"count":1,"href":"https:\/\/szakald.hu\/index.php?rest_route=\/wp\/v2\/pages\/167\/revisions"}],"predecessor-version":[{"id":168,"href":"https:\/\/szakald.hu\/index.php?rest_route=\/wp\/v2\/pages\/167\/revisions\/168"}],"wp:attachment":[{"href":"https:\/\/szakald.hu\/index.php?rest_route=%2Fwp%2Fv2%2Fmedia&parent=167"}],"curies":[{"name":"wp","href":"https:\/\/api.w.org\/{rel}","templated":true}]}}

Egészségügyi alapellátás infrastrukturális fejlesztése Szakáldon

<p><strong><img loading="lazy" decoding="async" class="size-medium alignright" src="http://menet.hu/szakald/banner/erfa_felso.png" width="250" height="175" />Kedvezményezett neve</strong>: Szakáld Község Önkormányzat</p>
<p><strong>Projekt címe:</strong> Egészségügyi alapellátás infrastrukturális fejlesztése Szakáldon</p>
<p><strong>Szerződött támogatás összege:</strong> 50.061.565 Ft</p>
<p><strong>Támogatás mértéke:</strong> 100%</p>
<p>Projekt tartalma: A projekt Szakáld Község Önkormányzatának két (háziorvosi és védőnői) egészségügyi szolgáltatásának infrastrukturális fejlesztésére irányult. Átfogó célja, a településen működő egészségügyi alapszolgáltatások egy épületben történő biztosítása volt. Az egészségügyi szolgáltatások egyhelyben történő ellátása a lakosság érdekét szolgálja. 2023. augusztus 26-án ünnepi keretek között került átadásra az felújított egészségügyi épület. Mind a háziorvosi, mind a védőnői szolgálat részére a munkájukhoz szükséges orvosi és védőnői eszközök kerültek beszerzésre A fejlesztés által lehetőség lesz a népegészségügyi célú méhnyak-szűrésére is.</p>
<p>A megvalósult projekt összhangban van az önkormányzat esélyegyenlőségi programmal is. A teljes akadálymentesítés révén a fogyatékos, megváltozott munkaképességű emberek is akadálymentesen hozzájuthatnak az egészségügyi alapellátáshoz. A beruházás megvalósulása pozitív hatást gyakorol a település egész életére. A fejlesztéssel érintett célcsoport életkörülményeit javítja.</p>
<p><strong>Projekt tényleges befejezése:</strong> 2023. július 05.</p>
<p><strong>Projekt azonosító száma:</strong> TOP-4.1.1.-15-BO1-2016-00010</p>
<p><em>Az ünnepélyes átadó ünnepség meghívója:</em></p>
<p><a href="http://menet.hu/szakald/palyazatok/2020_egeszsegugy/meghivo.png" target="_blank" rel="noopener"><img loading="lazy" decoding="async" class="alignnone" src="http://menet.hu/szakald/palyazatok/2020_egeszsegugy/meghivo.png" alt="" width="401" height="447" /></a></p>
<p><a href="http://menet.hu/szakald/palyazatok/2020_egeszsegugy/001.jpg" target="_blank" rel="noopener"><img loading="lazy" decoding="async" class="alignleft" src="http://menet.hu/szakald/palyazatok/2020_egeszsegugy/001.jpg" alt="" width="300" height="200" /></a><a href="http://menet.hu/szakald/palyazatok/2020_egeszsegugy/002.jpg" target="_blank" rel="noopener"><img loading="lazy" decoding="async" class="alignleft" src="http://menet.hu/szakald/palyazatok/2020_egeszsegugy/002.jpg" alt="" width="299" height="398" /></a><a href="http://menet.hu/szakald/palyazatok/2020_egeszsegugy/003.jpg" target="_blank" rel="noopener"><img loading="lazy" decoding="async" class="alignleft" src="http://menet.hu/szakald/palyazatok/2020_egeszsegugy/003.jpg" alt="" width="300" height="400" /></a></p>

<p>Kedvezményezett neve: Szakáld Község Önkormányzat Projekt címe: Egészségügyi alapellátás infrastrukturális fejlesztése Szakáldon Szerződött támogatás összege: 50.061.565 Ft Támogatás mértéke: 100% Projekt tartalma: A projekt Szakáld Község Önkormányzatának két&hellip;</p>
