{"id":76,"date":"2024-01-09T12:06:52","date_gmt":"2024-01-09T11:06:52","guid":{"rendered":"https:\/\/menet.hu\/szakald\/?page_id=76"},"modified":"2024-01-09T12:06:52","modified_gmt":"2024-01-09T11:06:52","slug":"telepulesunkrol","status":"publish","type":"page","link":"https:\/\/szakald.hu\/?page_id=76","title":{"rendered":"Telep\u00fcl\u00e9s\u00fcnkr\u0151l"},"content":{"rendered":"<p><strong>Telep\u00fcl\u00e9s\u00fcnk f\u00f6ldrajzi elhelyezked\u00e9se, jellemz\u0151i<\/strong><\/p>\n<p>Szak\u00e1ld Miskolct\u00f3l 22- Ny\u00e9kl\u00e1dh\u00e1z\u00e1t\u00f3l 10 km-re d\u00e9lkeleti ir\u00e1nyba fekszik, k\u00f6z\u00faton Ny\u00e9kl\u00e1dh\u00e1za &#8211; Mez\u0151cs\u00e1t f\u0151\u00fatvonalr\u00f3l Hej\u0151szalont\u00e1n\u00e1l let\u00e9rve, att\u00f3l 2 km\u2013 re \u00e9rj\u00fck el a k\u00f6zs\u00e9get.<br \/>\nMez\u0151cs\u00e1t \u2013Ny\u00e9kl\u00e1dh\u00e1z\u00e1t \u00f6sszek\u00f6t\u0151 vas\u00fatvonal a telep\u00fcl\u00e9s hat\u00e1r\u00e1ban h\u00faz\u00f3dik, Hej\u0151szalonta vas\u00fati meg\u00e1ll\u00f3val.<br \/>\nA vas\u00fatvonalon a szem\u00e9lyi k\u00f6zleked\u00e9st 2007. m\u00e1rcius 4. &#8211; \u00e9n sz\u00fcntett\u00e9k meg, amit az\u00f3ta sem \u00e1ll\u00edtottak vissza.<br \/>\nA telep\u00fcl\u00e9s domborzati viszonyaira jellemz\u0151, hogy a Hej\u0151 patak \u00e9s a Saj\u00f3 foly\u00f3 \u00e1ltal hat\u00e1rolt s\u00edks\u00e1gon ter\u00fcl el, mely foly\u00f3k \u00e1rad\u00e1sai vesz\u00e9lyt jelentettek az itt \u00e9l\u0151k sz\u00e1m\u00e1ra\u00a0a kor\u00e1bbi id\u0151szakokban.\u00a0A k\u00f6zs\u00e9g hat\u00e1r\u00e1t\u00f3l d\u00e9lre kezd\u0151dik a D\u00e9l \u2013 borsodi mez\u0151s\u00e9g, \u00e9szakra tal\u00e1lhat\u00f3ak a B\u00fckk hegys\u00e9g ny\u00falv\u00e1nyai. A ter\u00fclet kavics \u00e9s homok \u00e1sv\u00e1nyi anyagban gazdag, a k\u00fcl- \u00e9s belter\u00fcleti f\u00f6ldek magas aranykorona \u00e9rt\u00e9kkel rendelkeznek, amelyek kedvez\u0151 lehet\u0151s\u00e9geket ny\u00fajtanak a hajdan j\u00f3l prosper\u00e1l\u00f3 mez\u0151gazdas\u00e1gi v\u00e1llalkoz\u00e1sok sz\u00e1m\u00e1ra.<\/p>\n<p><strong>A telep\u00fcl\u00e9s m\u00faltja<\/strong><\/p>\n<p>A t\u00f6rt\u00e9nelemb\u0151l ismert Muhi mez\u0151v\u00e1ros k\u00f6rny\u00e9k\u00e9r\u0151l van sz\u00f3. A telep\u00fcl\u00e9s hat\u00e1r\u00e1ban a Cs\u00fcll\u0151n felt\u00e1rt<br \/>\nleletek is azt bizony\u00edtj\u00e1k, hogy m\u00e1r a honfoglal\u00e1s id\u0151szak\u00e1ban szk\u00edt\u00e1k lakta ter\u00fclet volt a telep\u00fcl\u00e9s.<br \/>\nA k\u00f6zs\u00e9g neve el\u0151sz\u00f6r egy 1332 \u00e9vben \u00edrott oklev\u00e9lben szerepel Ernye b\u00e1n birtokak\u00e9nt.<br \/>\nK\u00e9s\u0151bb a Di\u00f3sgy\u0151ri v\u00e1r tartoz\u00e9ka lett, mint a kir\u00e1lyn\u00e9 birtoka. A tat\u00e1rj\u00e1r\u00e1s \u00e9s a t\u00f6r\u00f6k h\u00f3d\u00edt\u00e1s elpuszt\u00edtotta Szak\u00e1ldot, lak\u00f3i a szomsz\u00e9dos falvakban tal\u00e1ltak mened\u00e9ket, meg\u00e9lhet\u00e9st. Az elpuszt\u00edtott telep\u00fcl\u00e9s helye pusztas\u00e1gg\u00e1 v\u00e1lt, amely ter\u00fclet egybe folyt Pog\u00e1val \u00e9s a Muhi puszt\u00e1val.<br \/>\nA t\u00f6r\u00f6k h\u00f3dolts\u00e1got k\u00f6vet\u0151en a ter\u00fclet visszaker\u00fclt a korona uradalomhoz, ekkor Szlov\u00e1k telepesek \u00e9s az el\u0171z\u00f6tt volt helyi lakosok n\u00e9pes\u00edtett\u00e9k be.<br \/>\nA XVIII. sz\u00e1zad v\u00e9g\u00e9n k\u00e9sz\u00fclt f\u00f6ldrajzi t\u00e9rk\u00e9pek szerint, akkor m\u00e9g csak fogad\u00f3, ker\u00fcl\u0151 h\u00e1z \u00e9s \u201ebacs\u00f3 h\u00e1z\u201d \u00e1llt a mai Szak\u00e1ld hely\u00e9n, k\u00e9s\u0151bb ezen \u00e9p\u00fcletek k\u00f6r\u00e9 kezdtek h\u00e1zakat \u00e9p\u00edteni a betelep\u00fcl\u0151k.<br \/>\nAz \u00edgy ben\u00e9pes\u00fcl\u0151 \u201e szabad puszt\u00e1n\u201d az 1870 \u2013 es \u00e9vekben \u00e9letbe l\u00e9pett k\u00f6zs\u00e9gi t\u00f6rv\u00e9ny min\u0151s\u00edtette k\u00f6zs\u00e9gg\u00e9, amely az\u00f3ta is \u2013 ki\u00e1llva a t\u00f6rt\u00e9nelem viharait \u2013 folyamatosan fejl\u0151dik.<\/p>\n<p>&nbsp;<\/p>\n<p><strong>A lakoss\u00e1g \u00e9letm\u00f3dja, a telep\u00fcl\u00e9s infrastruktur\u00e1lis helyzete<\/strong><\/p>\n<p>A lakoss\u00e1g a kor\u00e1bbi id\u0151szakban &#8211; alkalmazkodva a helyi adotts\u00e1gokhoz &#8211; alapvet\u0151en f\u00f6lm\u0171vel\u00e9sb\u0151l, \u00e9s \u00e1llatteny\u00e9szt\u00e9sb\u0151l \u00e9lt. A mez\u0151gazdas\u00e1gi n\u00f6v\u00e9ny termeszt\u00e9s f\u0151 term\u00e9nye a gabona, a tengeri, a kap\u00e1s konyhakerti n\u00f6v\u00e9nyek \u00e9s az iparban is felhaszn\u00e1lhat\u00f3 n\u00f6v\u00e9nyekb\u0151l tev\u0151d\u00f6tt \u00f6ssze.<br \/>\nA telep\u00fcl\u00e9s viszonylag t\u00e1vol fekszik az ipari k\u00f6zpontokt\u00f3l, ez\u00e9rt aki ott helyezkedett el, k\u00e9nytelen volt naponta ing\u00e1zni a lak\u00f3hely \u00e9s a munkahely k\u00f6z\u00f6tt.<br \/>\nA besz\u0171k\u00fcl\u0151 munkalehet\u0151s\u00e9gek hat\u00e1s\u00e1ra egyre kevesebben j\u00e1rnak el dolgozni a falub\u00f3l.<br \/>\nA tart\u00f3s gazdas\u00e1gi visszaes\u00e9s hat\u00e1s\u00e1ra n\u00f6vekedett a munkan\u00e9lk\u00fcliek sz\u00e1ma, a telep\u00fcl\u00e9s l\u00e9leksz\u00e1ma jelent\u0151sen nem v\u00e1ltozott az elm\u00falt id\u0151szakban. J\u00f3 sz\u00ednvonal\u00fa Szak\u00e1ld k\u00f6zszolg\u00e1ltatotts\u00e1gokkal t\u00f6rt\u00e9n\u0151 ell\u00e1t\u00e1sa, ki\u00e9p\u00edt\u00e9sre ker\u00fclt a vezet\u00e9kes g\u00e1z, az iv\u00f3v\u00edz \u00e9s szennyv\u00edz, valamint a k\u00e1bel Tv is. A belter\u00fcleti utak 85% leaszfaltozott, szil\u00e1rd burkolat\u00fa.<br \/>\nA telep\u00fcl\u00e9s j\u00f6v\u0151beni fejl\u0151d\u00e9s\u00e9t a helyi adotts\u00e1gokra alapozottan c\u00e9lszer\u0171 meghat\u00e1rozni, elk\u00e9pzelni, ami persze nagyban f\u00fcgg a t\u00e1gabb k\u00f6rnyezete, a nemzetgazdas\u00e1g helyzet\u00e9t\u0151l is.<br \/>\nJ\u00f3k az adotts\u00e1gok a mez\u0151gazdas\u00e1gi v\u00e1llalkoz\u00e1sok l\u00e9trehoz\u00e1s\u00e1ra, a megl\u00e9v\u0151k fejleszt\u00e9s\u00e9re. A telep\u00fcl\u00e9s f\u00f6ldrajzi helyzet\u00e9b\u0151l, \u00e9s term\u00e9szeti k\u00f6rnyezeti adotts\u00e1gaib\u00f3l k\u00f6vetkez\u0151en kedvez\u0151ek a lehet\u0151s\u00e9gek a falusi turizmus megalapoz\u00e1s\u00e1hoz.<\/p>\n","protected":false},"excerpt":{"rendered":"<p>Telep\u00fcl\u00e9s\u00fcnk f\u00f6ldrajzi elhelyezked\u00e9se, jellemz\u0151i Szak\u00e1ld Miskolct\u00f3l 22- Ny\u00e9kl\u00e1dh\u00e1z\u00e1t\u00f3l 10 km-re d\u00e9lkeleti ir\u00e1nyba fekszik, k\u00f6z\u00faton Ny\u00e9kl\u00e1dh\u00e1za &#8211; Mez\u0151cs\u00e1t f\u0151\u00fatvonalr\u00f3l Hej\u0151szalont\u00e1n\u00e1l let\u00e9rve, att\u00f3l 2 km\u2013 re \u00e9rj\u00fck&hellip;<\/p>\n","protected":false},"author":1,"featured_media":0,"parent":0,"menu_order":0,"comment_status":"closed","ping_status":"closed","template":"","meta":{"footnotes":""},"class_list":["post-76","page","type-page","status-publish","hentry"],"_links":{"self":[{"href":"https:\/\/szakald.hu\/index.php?rest_route=\/wp\/v2\/pages\/76","targetHints":{"allow":["GET"]}}],"collection":[{"href":"https:\/\/szakald.hu\/index.php?rest_route=\/wp\/v2\/pages"}],"about":[{"href":"https:\/\/szakald.hu\/index.php?rest_route=\/wp\/v2\/types\/page"}],"author":[{"embeddable":true,"href":"https:\/\/szakald.hu\/index.php?rest_route=\/wp\/v2\/users\/1"}],"replies":[{"embeddable":true,"href":"https:\/\/szakald.hu\/index.php?rest_route=%2Fwp%2Fv2%2Fcomments&post=76"}],"version-history":[{"count":1,"href":"https:\/\/szakald.hu\/index.php?rest_route=\/wp\/v2\/pages\/76\/revisions"}],"predecessor-version":[{"id":77,"href":"https:\/\/szakald.hu\/index.php?rest_route=\/wp\/v2\/pages\/76\/revisions\/77"}],"wp:attachment":[{"href":"https:\/\/szakald.hu\/index.php?rest_route=%2Fwp%2Fv2%2Fmedia&parent=76"}],"curies":[{"name":"wp","href":"https:\/\/api.w.org\/{rel}","templated":true}]}}

Településünkről

<p><strong>Településünk földrajzi elhelyezkedése, jellemzői</strong></p>
<p>Szakáld Miskolctól 22- Nyékládházától 10 km-re délkeleti irányba fekszik, közúton Nyékládháza &#8211; Mezőcsát főútvonalról Hejőszalontánál letérve, attól 2 km– re érjük el a községet.<br />
Mezőcsát –Nyékládházát összekötő vasútvonal a település határában húzódik, Hejőszalonta vasúti megállóval.<br />
A vasútvonalon a személyi közlekedést 2007. március 4. &#8211; én szüntették meg, amit azóta sem állítottak vissza.<br />
A település domborzati viszonyaira jellemző, hogy a Hejő patak és a Sajó folyó által határolt síkságon terül el, mely folyók áradásai veszélyt jelentettek az itt élők számára a korábbi időszakokban. A község határától délre kezdődik a Dél – borsodi mezőség, északra találhatóak a Bükk hegység nyúlványai. A terület kavics és homok ásványi anyagban gazdag, a kül- és belterületi földek magas aranykorona értékkel rendelkeznek, amelyek kedvező lehetőségeket nyújtanak a hajdan jól prosperáló mezőgazdasági vállalkozások számára.</p>
<p><strong>A település múltja</strong></p>
<p>A történelemből ismert Muhi mezőváros környékéről van szó. A település határában a Csüllőn feltárt<br />
leletek is azt bizonyítják, hogy már a honfoglalás időszakában szkíták lakta terület volt a település.<br />
A község neve először egy 1332 évben írott oklevélben szerepel Ernye bán birtokaként.<br />
Később a Diósgyőri vár tartozéka lett, mint a királyné birtoka. A tatárjárás és a török hódítás elpusztította Szakáldot, lakói a szomszédos falvakban találtak menedéket, megélhetést. Az elpusztított település helye pusztasággá vált, amely terület egybe folyt Pogával és a Muhi pusztával.<br />
A török hódoltságot követően a terület visszakerült a korona uradalomhoz, ekkor Szlovák telepesek és az elűzött volt helyi lakosok népesítették be.<br />
A XVIII. század végén készült földrajzi térképek szerint, akkor még csak fogadó, kerülő ház és „bacsó ház” állt a mai Szakáld helyén, később ezen épületek köré kezdtek házakat építeni a betelepülők.<br />
Az így benépesülő „ szabad pusztán” az 1870 – es években életbe lépett községi törvény minősítette községgé, amely azóta is – kiállva a történelem viharait – folyamatosan fejlődik.</p>
<p>&nbsp;</p>
<p><strong>A lakosság életmódja, a település infrastrukturális helyzete</strong></p>
<p>A lakosság a korábbi időszakban &#8211; alkalmazkodva a helyi adottságokhoz &#8211; alapvetően fölművelésből, és állattenyésztésből élt. A mezőgazdasági növény termesztés fő terménye a gabona, a tengeri, a kapás konyhakerti növények és az iparban is felhasználható növényekből tevődött össze.<br />
A település viszonylag távol fekszik az ipari központoktól, ezért aki ott helyezkedett el, kénytelen volt naponta ingázni a lakóhely és a munkahely között.<br />
A beszűkülő munkalehetőségek hatására egyre kevesebben járnak el dolgozni a faluból.<br />
A tartós gazdasági visszaesés hatására növekedett a munkanélküliek száma, a település lélekszáma jelentősen nem változott az elmúlt időszakban. Jó színvonalú Szakáld közszolgáltatottságokkal történő ellátása, kiépítésre került a vezetékes gáz, az ivóvíz és szennyvíz, valamint a kábel Tv is. A belterületi utak 85% leaszfaltozott, szilárd burkolatú.<br />
A település jövőbeni fejlődését a helyi adottságokra alapozottan célszerű meghatározni, elképzelni, ami persze nagyban függ a tágabb környezete, a nemzetgazdaság helyzetétől is.<br />
Jók az adottságok a mezőgazdasági vállalkozások létrehozására, a meglévők fejlesztésére. A település földrajzi helyzetéből, és természeti környezeti adottságaiból következően kedvezőek a lehetőségek a falusi turizmus megalapozásához.</p>

<p>Településünk földrajzi elhelyezkedése, jellemzői Szakáld Miskolctól 22- Nyékládházától 10 km-re délkeleti irányba fekszik, közúton Nyékládháza &#8211; Mezőcsát főútvonalról Hejőszalontánál letérve, attól 2 km– re érjük&hellip;</p>
