{"id":86,"date":"2024-01-09T12:24:17","date_gmt":"2024-01-09T11:24:17","guid":{"rendered":"https:\/\/menet.hu\/szakald\/?page_id=86"},"modified":"2024-02-14T14:11:39","modified_gmt":"2024-02-14T13:11:39","slug":"szervezeti-szemelyzeti-adatok","status":"publish","type":"page","link":"https:\/\/szakald.hu\/?page_id=86","title":{"rendered":"Szervezeti, szem\u00e9lyzeti adatok"},"content":{"rendered":"<p>1.1 Szerv neve, el\u00e9rhet\u0151s\u00e9gei, \u00fcgyf\u00e9lszolg\u00e1lat<br \/>\n1.2 Szervezeti strukt\u00fara<br \/>\n1.3 Szerv vezet\u0151inek, szervezeti egys\u00e9gek vezet\u0151inek el\u00e9rhet\u0151s\u00e9gei<br \/>\n1.4 \u00dcgyf\u00e9lkapcsolati vezet\u0151, \u00fcgyf\u00e9lfogad\u00e1si rend<br \/>\n1.5 K\u00e9pvisel\u0151 test\u00fclet adatai<br \/>\n1.6 Al\u00e1rendelt, fel\u00fcgyelt szervek megnevez\u00e9se, feladatai, adatai<br \/>\n1.7 Szerv tulajdon\u00e1ban l\u00e9v\u0151 gazd\u00e1lkod\u00f3 szervezetek adatai<br \/>\n1.8 Szerv \u00e1ltal alap\u00edtott k\u00f6zalap\u00edtv\u00e1nyok<br \/>\n1.9 Szerv \u00e1ltal alap\u00edtott lapok<br \/>\n1.10 Felettes, fel\u00fcgyeleti, t\u00f6rv\u00e9nyess\u00e9gi ellen\u0151rz\u00e9st gyakorl\u00f3 szervek<\/p>\n<hr \/>\n<h3><strong>Szak\u00e1ld K\u00f6zs\u00e9g \u00d6nkorm\u00e1nyzata<\/strong><\/h3>\n<div><strong>Levelez\u00e9si c\u00edm:<\/strong><\/div>\n<div>3596 Szak\u00e1ld, Aradi utca 4.<\/div>\n<div><strong>Telefon:<\/strong> 46\/ 391-238<\/div>\n<div><strong>E-mail:<\/strong> <a href=\"mailto:hivatal@szakald.hu\">hivatal@szakald.hu<\/a><\/div>\n<div><\/div>\n<div><strong>A k\u00e9pvisel\u0151 test\u00fclet:<\/strong><\/div>\n<div>Barta Zsolt <em>polg\u00e1rmester<\/em><\/div>\n<div>Helczman P\u00e9ter <em>alpolg\u00e1rmester<\/em><\/div>\n<div>Huly\u00e1k S\u00e1ndor Gy\u00f6rgyn\u00e9 <em>k\u00e9pvisel\u0151<\/em><\/div>\n<div>Kiss Iv\u00e1n <em>k\u00e9pvisel\u0151<\/em><\/div>\n<div>Tr\u00e9zsi L\u00e1szl\u00f3 P\u00e9ter<\/div>\n<div>\n<hr \/>\n<\/div>\n<h3>K\u00f6z\u00f6s \u00d6nkorm\u00e1nyzati Hivatal Szak\u00e1ldi Kirendelts\u00e9ge<\/h3>\n<div><strong>C\u00edm:<\/strong> 3596 Szak\u00e1ld, Aradi utca 4.<\/div>\n<div><strong>Telefon:<\/strong> 46\/ 391-238<\/div>\n<div><strong>E-mail:<\/strong> <a href=\"mailto:hivatal@szakald.hu\">hivatal@szakald.hu<\/a><\/div>\n<div><\/div>\n<div><strong>Polg\u00e1rmester:<\/strong> Barta Zsolt<\/div>\n<div><strong>Alpolg\u00e1rmester:<\/strong> Helczman P\u00e9ter<\/div>\n<div><\/div>\n<div><strong>Jegyz\u0151:<\/strong> dr. V\u00e1g\u00f3-Gorta T\u00fcnde<\/div>\n<div><\/div>\n<div><strong>Dolgoz\u00f3ink:\u00a0<\/strong><\/div>\n<div>Mike P\u00e9ter <em>igazgat\u00e1si el\u0151ad\u00f3<\/em><\/div>\n<div>G\u00e1l Judit <em>p\u00e9nz\u00fcgyi el\u0151ad\u00f3<\/em><\/div>\n<div>Pincz\u00e9s Enik\u0151 <em>j\u00e1r\u00e1si \u00fcgyseg\u00e9d<\/em><\/div>\n<div>Kiss Iv\u00e1n <em>falugondnok<\/em><\/div>\n<div>Bodn\u00e1r S\u00e1ndorn\u00e9 <em>h\u00e1zi seg\u00edts\u00e9gny\u00fajt\u00f3<\/em><\/div>\n<div>Farkas J\u00e1nosn\u00e9 <em>h\u00e1zi seg\u00edts\u00e9gny\u00fajt\u00f3<\/em><\/div>\n<div>\n<hr \/>\n<\/div>\n<h3>Szak\u00e1ldi Man\u00f3csk\u00e1k \u00d3voda<\/h3>\n<div><strong>Levelez\u00e9si c\u00edm:<\/strong><\/div>\n<div>3596 Szak\u00e1ld, Kossuth \u00fat 1.<\/div>\n<div><strong>Telefon:<\/strong> 46\/ 391-238<\/div>\n<div><strong>Mobil:<\/strong> 70\/382-6294<\/div>\n<div><strong>E-mail:<\/strong> <a href=\"mailto:manocskakovoda@gmail.com\">manocskakovoda@gmail.com<\/a><\/div>\n<div><\/div>\n<div><strong>Dolgoz\u00f3ink<\/strong><\/div>\n<div>Makkai Ren\u00e1ta <em>igazgat\u00f3<\/em><\/div>\n<div>B\u00facs\u00fa Bogl\u00e1rka <em>\u00f3vodapedag\u00f3gus<\/em><\/div>\n<div>Helczman Istv\u00e1nn\u00e9 <em>dajka<\/em><\/div>\n<div>Buza Zsoltn\u00e9 <em>\u00e9lelmez\u00e9svezet\u0151<\/em><\/div>\n<div>Gergelyn\u00e9 Kov\u00e1cs Anita <em>szak\u00e1cs<\/em><\/div>\n","protected":false},"excerpt":{"rendered":"<p>1.1 Szerv neve, el\u00e9rhet\u0151s\u00e9gei, \u00fcgyf\u00e9lszolg\u00e1lat 1.2 Szervezeti strukt\u00fara 1.3 Szerv vezet\u0151inek, szervezeti egys\u00e9gek vezet\u0151inek el\u00e9rhet\u0151s\u00e9gei 1.4 \u00dcgyf\u00e9lkapcsolati vezet\u0151, \u00fcgyf\u00e9lfogad\u00e1si rend 1.5 K\u00e9pvisel\u0151 test\u00fclet adatai 1.6&hellip;<\/p>\n","protected":false},"author":1,"featured_media":0,"parent":0,"menu_order":0,"comment_status":"closed","ping_status":"closed","template":"","meta":{"footnotes":""},"class_list":["post-86","page","type-page","status-publish","hentry"],"_links":{"self":[{"href":"https:\/\/szakald.hu\/index.php?rest_route=\/wp\/v2\/pages\/86","targetHints":{"allow":["GET"]}}],"collection":[{"href":"https:\/\/szakald.hu\/index.php?rest_route=\/wp\/v2\/pages"}],"about":[{"href":"https:\/\/szakald.hu\/index.php?rest_route=\/wp\/v2\/types\/page"}],"author":[{"embeddable":true,"href":"https:\/\/szakald.hu\/index.php?rest_route=\/wp\/v2\/users\/1"}],"replies":[{"embeddable":true,"href":"https:\/\/szakald.hu\/index.php?rest_route=%2Fwp%2Fv2%2Fcomments&post=86"}],"version-history":[{"count":5,"href":"https:\/\/szakald.hu\/index.php?rest_route=\/wp\/v2\/pages\/86\/revisions"}],"predecessor-version":[{"id":252,"href":"https:\/\/szakald.hu\/index.php?rest_route=\/wp\/v2\/pages\/86\/revisions\/252"}],"wp:attachment":[{"href":"https:\/\/szakald.hu\/index.php?rest_route=%2Fwp%2Fv2%2Fmedia&parent=86"}],"curies":[{"name":"wp","href":"https:\/\/api.w.org\/{rel}","templated":true}]}}

Szervezeti, személyzeti adatok

<p>1.1 Szerv neve, elérhetőségei, ügyfélszolgálat<br />
1.2 Szervezeti struktúra<br />
1.3 Szerv vezetőinek, szervezeti egységek vezetőinek elérhetőségei<br />
1.4 Ügyfélkapcsolati vezető, ügyfélfogadási rend<br />
1.5 Képviselő testület adatai<br />
1.6 Alárendelt, felügyelt szervek megnevezése, feladatai, adatai<br />
1.7 Szerv tulajdonában lévő gazdálkodó szervezetek adatai<br />
1.8 Szerv által alapított közalapítványok<br />
1.9 Szerv által alapított lapok<br />
1.10 Felettes, felügyeleti, törvényességi ellenőrzést gyakorló szervek</p>
<hr />
<h3><strong>Szakáld Község Önkormányzata</strong></h3>
<div><strong>Levelezési cím:</strong></div>
<div>3596 Szakáld, Aradi utca 4.</div>
<div><strong>Telefon:</strong> 46/ 391-238</div>
<div><strong>E-mail:</strong> <a href="mailto:hivatal@szakald.hu">hivatal@szakald.hu</a></div>
<div></div>
<div><strong>A képviselő testület:</strong></div>
<div>Barta Zsolt <em>polgármester</em></div>
<div>Helczman Péter <em>alpolgármester</em></div>
<div>Hulyák Sándor Györgyné <em>képviselő</em></div>
<div>Kiss Iván <em>képviselő</em></div>
<div>Trézsi László Péter</div>
<div>
<hr />
</div>
<h3>Közös Önkormányzati Hivatal Szakáldi Kirendeltsége</h3>
<div><strong>Cím:</strong> 3596 Szakáld, Aradi utca 4.</div>
<div><strong>Telefon:</strong> 46/ 391-238</div>
<div><strong>E-mail:</strong> <a href="mailto:hivatal@szakald.hu">hivatal@szakald.hu</a></div>
<div></div>
<div><strong>Polgármester:</strong> Barta Zsolt</div>
<div><strong>Alpolgármester:</strong> Helczman Péter</div>
<div></div>
<div><strong>Jegyző:</strong> dr. Vágó-Gorta Tünde</div>
<div></div>
<div><strong>Dolgozóink: </strong></div>
<div>Mike Péter <em>igazgatási előadó</em></div>
<div>Gál Judit <em>pénzügyi előadó</em></div>
<div>Pinczés Enikő <em>járási ügysegéd</em></div>
<div>Kiss Iván <em>falugondnok</em></div>
<div>Bodnár Sándorné <em>házi segítségnyújtó</em></div>
<div>Farkas Jánosné <em>házi segítségnyújtó</em></div>
<div>
<hr />
</div>
<h3>Szakáldi Manócskák Óvoda</h3>
<div><strong>Levelezési cím:</strong></div>
<div>3596 Szakáld, Kossuth út 1.</div>
<div><strong>Telefon:</strong> 46/ 391-238</div>
<div><strong>Mobil:</strong> 70/382-6294</div>
<div><strong>E-mail:</strong> <a href="mailto:manocskakovoda@gmail.com">manocskakovoda@gmail.com</a></div>
<div></div>
<div><strong>Dolgozóink</strong></div>
<div>Makkai Renáta <em>igazgató</em></div>
<div>Búcsú Boglárka <em>óvodapedagógus</em></div>
<div>Helczman Istvánné <em>dajka</em></div>
<div>Buza Zsoltné <em>élelmezésvezető</em></div>
<div>Gergelyné Kovács Anita <em>szakács</em></div>

<p>1.1 Szerv neve, elérhetőségei, ügyfélszolgálat 1.2 Szervezeti struktúra 1.3 Szerv vezetőinek, szervezeti egységek vezetőinek elérhetőségei 1.4 Ügyfélkapcsolati vezető, ügyfélfogadási rend 1.5 Képviselő testület adatai 1.6&hellip;</p>
