{"id":94,"date":"2024-01-09T12:26:19","date_gmt":"2024-01-09T11:26:19","guid":{"rendered":"https:\/\/menet.hu\/szakald\/?page_id=94"},"modified":"2024-02-15T09:53:44","modified_gmt":"2024-02-15T08:53:44","slug":"egeszsegugy","status":"publish","type":"page","link":"https:\/\/szakald.hu\/?page_id=94","title":{"rendered":"Eg\u00e9szs\u00e9g\u00fcgy"},"content":{"rendered":"<div class=\"page-header\">\n<h2>Orvosi rendel\u0151<\/h2>\n<\/div>\n<div>\n<p><strong>A telep\u00fcl\u00e9s h\u00e1zi orvosa: Dr. Ver\u00e9b Ilona<br \/>\n<\/strong><br \/>\nRendel\u00e9si ideje:<\/p>\n<p>HEJ\u0150KERESZT\u00daR<\/p>\n<table border=\"1\">\n<tbody>\n<tr>\n<td>h\u00e9tf\u0151<\/td>\n<td>08<sup>00<\/sup>-11<sup>00<\/sup><\/td>\n<\/tr>\n<tr>\n<td>kedd<\/td>\n<td>10<sup>00<\/sup>-12<sup>00<\/sup><\/td>\n<\/tr>\n<tr>\n<td>szerda<\/td>\n<td>08<sup>00<\/sup>-11<sup>00<\/sup><\/td>\n<\/tr>\n<tr>\n<td>cs\u00fct\u00f6rt\u00f6k<\/td>\n<td>16<sup>00<\/sup>-18<sup>00<\/sup><\/td>\n<\/tr>\n<tr>\n<td>p\u00e9ntek<\/td>\n<td><sup><span style=\"font-size: 16px;\">08<\/span>00<\/sup>-10<sup>00<\/sup><\/td>\n<\/tr>\n<\/tbody>\n<\/table>\n<p><strong>\u00a0<\/strong><\/p>\n<p>SZAK\u00c1LD<\/p>\n<table border=\"1\">\n<tbody>\n<tr>\n<td>kedd<\/td>\n<td>08<sup>00<\/sup>-10<sup>00<\/sup><\/td>\n<\/tr>\n<tr>\n<td>cs\u00fct\u00f6rt\u00f6k<\/td>\n<td>14<sup>00<\/sup>-16<sup>00<\/sup><\/td>\n<\/tr>\n<tr>\n<td><\/td>\n<td><\/td>\n<\/tr>\n<\/tbody>\n<\/table>\n<p>Hej\u0151kereszt\u00fari rendel\u0151: 46\/391-220 h\u00edvhat\u00f3 rendel\u00e9si id\u0151ben<br aria-hidden=\"true\" \/>Rendel: Dr. Szarka No\u00e9mi<br aria-hidden=\"true\" \/>Asszisztens: V\u00edg &#8211; Demeter Katalin<\/p>\n<hr \/>\n<p><strong>V\u00c9D\u0150N\u0150I SZOLG\u00c1LAT<\/strong><\/p>\n<p>V\u00e9d\u0151n\u0151: P\u00e1zm\u00e1ndyn\u00e9 Pal\u00e1csik \u00c9va<br \/>\nTel.: 20\/452-3897<br \/>\ne-mail:\u00a0<span id=\"cloakccead98b56ddcfa5a98d18e321952c70\"><a href=\"mailto:pazmandyne@freemail.hu\">pazmandyne@freemail.hu<\/a><\/span><br \/>\nV\u00e9d\u0151n\u0151i tan\u00e1csad\u00e1s:<\/p>\n<table border=\"1\">\n<tbody>\n<tr>\n<td>\u00a0Cs\u00fct\u00f6rt\u00f6k\u00f6n<\/td>\n<td>\u00a012:00-t\u00f3l 13:00-ig<\/td>\n<\/tr>\n<\/tbody>\n<\/table>\n<p>&nbsp;<\/p>\n<hr \/>\n<p><strong>ORVOSI \u00dcGYELET<\/strong><\/p>\n<p>Ny\u00e9kl\u00e1dh\u00e1za, Kossuth \u00fat 43.<br \/>\nTel: 46\/591-387<\/p>\n<p>\u00dcGYELETI REND<\/p>\n<table border=\"1\">\n<tbody>\n<tr>\n<td>\u00a0munkanapokon<\/td>\n<td>\u00a016<sup>00<\/sup>&#8211; 08<sup>00<\/sup><\/td>\n<\/tr>\n<tr>\n<td>\u00a0munkasz\u00fcneti \u00e9s szabadnapokon<\/td>\n<td>p\u00e9nteken 16<sup>00<\/sup>&#8211;<br \/>\nh\u00e9tf\u0151n reggel 08<sup>00<\/sup>-ig<\/td>\n<\/tr>\n<\/tbody>\n<\/table>\n<p>&nbsp;<\/p>\n<hr \/>\n<p><strong>GYERMEK ORVOS<\/strong><\/p>\n<p>gyermekorvos: Dr. J\u00e1nosi Judit<br \/>\nTel.:46\/591-387<br \/>\nRendel: Ny\u00e9kl\u00e1dh\u00e1za, Kossuth \u00fat 43.<\/p>\n<table border=\"1\">\n<tbody>\n<tr>\n<td>\u00a0h\u00e9tf\u0151<\/td>\n<td>\u00a012<sup>00<\/sup>-16<sup>00<\/sup><\/td>\n<\/tr>\n<tr>\n<td>\u00a0szerda<\/td>\n<td>\u00a013<sup>00<\/sup>-15<sup>00<\/sup><\/td>\n<\/tr>\n<tr>\n<td>\u00a0p\u00e9ntek<\/td>\n<td>\u00a008<sup>00<\/sup>:10<sup>00<\/sup><\/td>\n<\/tr>\n<\/tbody>\n<\/table>\n<\/div>\n","protected":false},"excerpt":{"rendered":"<p>Orvosi rendel\u0151 A telep\u00fcl\u00e9s h\u00e1zi orvosa: Dr. Ver\u00e9b Ilona Rendel\u00e9si ideje: HEJ\u0150KERESZT\u00daR h\u00e9tf\u0151 0800-1100 kedd 1000-1200 szerda 0800-1100 cs\u00fct\u00f6rt\u00f6k 1600-1800 p\u00e9ntek 0800-1000 \u00a0 SZAK\u00c1LD kedd&hellip;<\/p>\n","protected":false},"author":1,"featured_media":0,"parent":0,"menu_order":0,"comment_status":"closed","ping_status":"closed","template":"","meta":{"footnotes":""},"class_list":["post-94","page","type-page","status-publish","hentry"],"_links":{"self":[{"href":"https:\/\/szakald.hu\/index.php?rest_route=\/wp\/v2\/pages\/94","targetHints":{"allow":["GET"]}}],"collection":[{"href":"https:\/\/szakald.hu\/index.php?rest_route=\/wp\/v2\/pages"}],"about":[{"href":"https:\/\/szakald.hu\/index.php?rest_route=\/wp\/v2\/types\/page"}],"author":[{"embeddable":true,"href":"https:\/\/szakald.hu\/index.php?rest_route=\/wp\/v2\/users\/1"}],"replies":[{"embeddable":true,"href":"https:\/\/szakald.hu\/index.php?rest_route=%2Fwp%2Fv2%2Fcomments&post=94"}],"version-history":[{"count":3,"href":"https:\/\/szakald.hu\/index.php?rest_route=\/wp\/v2\/pages\/94\/revisions"}],"predecessor-version":[{"id":258,"href":"https:\/\/szakald.hu\/index.php?rest_route=\/wp\/v2\/pages\/94\/revisions\/258"}],"wp:attachment":[{"href":"https:\/\/szakald.hu\/index.php?rest_route=%2Fwp%2Fv2%2Fmedia&parent=94"}],"curies":[{"name":"wp","href":"https:\/\/api.w.org\/{rel}","templated":true}]}}